CRAN Package Check Results for Package netgen

Last updated on 2022-10-02 02:49:16 CEST.

Flavor Version Tinstall Tcheck Ttotal Status Flags
r-devel-linux-x86_64-debian-clang 1.3.2 8.26 77.81 86.07 NOTE
r-devel-linux-x86_64-debian-gcc 1.3.2 6.86 56.26 63.12 NOTE
r-devel-linux-x86_64-fedora-clang 1.3.2 119.86 NOTE
r-devel-linux-x86_64-fedora-gcc 1.3.2 117.99 NOTE
r-devel-windows-x86_64 1.3.2 29.00 103.00 132.00 NOTE
r-patched-linux-x86_64 1.3.2 6.99 68.87 75.86 NOTE
r-release-linux-x86_64 1.3.2 8.76 68.41 77.17 NOTE
r-release-macos-arm64 1.3.2 31.00 NOTE
r-release-macos-x86_64 1.3.2 56.00 NOTE
r-release-windows-x86_64 1.3.2 31.00 96.00 127.00 NOTE
r-oldrel-macos-arm64 1.3.2 36.00 NOTE
r-oldrel-macos-x86_64 1.3.2 65.00 NOTE
r-oldrel-windows-ix86+x86_64 1.3.2 20.00 97.00 117.00 NOTE

Check Details

Version: 1.3.2
Check: Rd files
Result: NOTE
    checkRd: (-1) exportToTSPlibFormat.Rd:32: Escaped LaTeX specials: \_
    checkRd: (-1) exportToTSPlibFormat.Rd:32: Escaped LaTeX specials: \_ \_
    checkRd: (-1) makeNetwork.Rd:31: Escaped LaTeX specials: \_
Flavors: r-devel-linux-x86_64-debian-clang, r-devel-linux-x86_64-debian-gcc, r-devel-linux-x86_64-fedora-clang, r-devel-linux-x86_64-fedora-gcc, r-devel-windows-x86_64

Version: 1.3.2
Check: LazyData
Result: NOTE
     'LazyData' is specified without a 'data' directory
Flavors: r-devel-linux-x86_64-debian-clang, r-devel-linux-x86_64-debian-gcc, r-devel-linux-x86_64-fedora-clang, r-devel-linux-x86_64-fedora-gcc, r-devel-windows-x86_64, r-patched-linux-x86_64, r-release-linux-x86_64, r-release-macos-arm64, r-release-macos-x86_64, r-release-windows-x86_64, r-oldrel-macos-arm64, r-oldrel-macos-x86_64, r-oldrel-windows-ix86+x86_64