CRAN Package Check Results for Package networkDynamicData

Last updated on 2021-09-22 02:49:32 CEST.

Flavor Version Tinstall Tcheck Ttotal Status Flags
r-devel-linux-x86_64-debian-clang 0.2.1 2.71 35.86 38.57 OK
r-devel-linux-x86_64-debian-gcc 0.2.1 2.06 26.68 28.74 OK
r-devel-linux-x86_64-fedora-clang 0.2.1 54.58 OK
r-devel-linux-x86_64-fedora-gcc 0.2.1 44.38 OK
r-devel-windows-x86_64 0.2.1 4.00 47.00 51.00 OK
r-devel-windows-x86_64-gcc10-UCRT 0.2.1 ERROR
r-patched-linux-x86_64 0.2.1 6.33 33.80 40.13 OK
r-patched-solaris-x86 0.2.1 66.80 OK
r-release-linux-x86_64 0.2.1 2.68 34.51 37.19 OK
r-release-macos-arm64 0.2.1 OK
r-release-macos-x86_64 0.2.1 OK
r-release-windows-ix86+x86_64 0.2.1 7.00 39.00 46.00 OK
r-oldrel-macos-x86_64 0.2.1 OK
r-oldrel-windows-ix86+x86_64 0.2.1 8.00 42.00 50.00 OK

Check Details

Version: 0.2.1
Check: whether package can be installed
Result: WARN
    Found the following significant warnings:
     WARNING: installation-time patches will not be applied, could not get the patches index
Flavor: r-devel-windows-x86_64-gcc10-UCRT

Version: 0.2.1
Check: PDF version of manual
Result: WARN
    LaTeX errors when creating PDF version.
    This typically indicates Rd problems.
Flavor: r-devel-windows-x86_64-gcc10-UCRT

Version: 0.2.1
Check: PDF version of manual without hyperrefs or index
Result: ERROR
    Re-running with no redirection of stdout/stderr.
Flavor: r-devel-windows-x86_64-gcc10-UCRT