CRAN Package Check Results for Package networktree

Last updated on 2021-08-02 02:49:58 CEST.

Flavor Version Tinstall Tcheck Ttotal Status Flags
r-devel-linux-x86_64-debian-clang 1.0.1 8.38 71.48 79.86 OK
r-devel-linux-x86_64-debian-gcc 1.0.1 7.53 54.69 62.22 OK
r-devel-linux-x86_64-fedora-clang 1.0.1 104.39 NOTE
r-devel-linux-x86_64-fedora-gcc 1.0.1 93.49 NOTE
r-devel-windows-x86_64 1.0.1 18.00 92.00 110.00 OK
r-devel-windows-x86_64-gcc10-UCRT 1.0.1 NOTE
r-patched-linux-x86_64 1.0.1 OK
r-patched-solaris-x86 1.0.1 140.70 NOTE
r-release-linux-x86_64 1.0.1 9.95 68.36 78.31 OK
r-release-macos-arm64 1.0.1 NOTE
r-release-macos-x86_64 1.0.1 NOTE
r-release-windows-ix86+x86_64 1.0.1 18.00 93.00 111.00 OK
r-oldrel-macos-x86_64 1.0.1 NOTE
r-oldrel-windows-ix86+x86_64 1.0.1 21.00 93.00 114.00 OK

Check Details

Version: 1.0.1
Check: data for non-ASCII characters
Result: NOTE
     Note: found 2 marked Latin-1 strings
Flavors: r-devel-linux-x86_64-fedora-clang, r-devel-linux-x86_64-fedora-gcc, r-devel-windows-x86_64-gcc10-UCRT, r-patched-solaris-x86, r-release-macos-arm64, r-release-macos-x86_64, r-oldrel-macos-x86_64