Last updated on 2022-05-23 02:53:43 CEST.
Flavor | Version | Tinstall | Tcheck | Ttotal | Status | Flags |
---|---|---|---|---|---|---|
r-devel-linux-x86_64-debian-clang | 0.1.3 | 2.85 | 39.93 | 42.78 | NOTE | |
r-devel-linux-x86_64-debian-gcc | 0.1.3 | 2.34 | 30.46 | 32.80 | NOTE | |
r-devel-linux-x86_64-fedora-clang | 0.1.3 | 51.90 | NOTE | |||
r-devel-linux-x86_64-fedora-gcc | 0.1.3 | 40.30 | NOTE | |||
r-devel-windows-x86_64 | 0.1.3 | 20.00 | 57.00 | 77.00 | NOTE | |
r-patched-linux-x86_64 | 0.1.3 | 2.30 | 38.16 | 40.46 | NOTE | |
r-release-linux-x86_64 | 0.1.3 | 2.49 | 38.68 | 41.17 | NOTE | |
r-release-macos-arm64 | 0.1.3 | 18.00 | NOTE | |||
r-release-macos-x86_64 | 0.1.3 | 26.00 | NOTE | |||
r-release-windows-x86_64 | 0.1.3 | 17.00 | 59.00 | 76.00 | NOTE | |
r-oldrel-macos-arm64 | 0.1.3 | 20.00 | NOTE | |||
r-oldrel-macos-x86_64 | 0.1.3 | 28.00 | NOTE | |||
r-oldrel-windows-ix86+x86_64 | 0.1.3 | 7.00 | 52.00 | 59.00 | NOTE |
Version: 0.1.3
Check: LazyData
Result: NOTE
'LazyData' is specified without a 'data' directory
Flavors: r-devel-linux-x86_64-debian-clang, r-devel-linux-x86_64-debian-gcc, r-devel-linux-x86_64-fedora-clang, r-devel-linux-x86_64-fedora-gcc, r-devel-windows-x86_64, r-patched-linux-x86_64, r-release-linux-x86_64, r-release-macos-arm64, r-release-macos-x86_64, r-release-windows-x86_64, r-oldrel-macos-arm64, r-oldrel-macos-x86_64, r-oldrel-windows-ix86+x86_64