CRAN Package Check Results for Package nlgeocoder

Last updated on 2021-07-24 02:48:39 CEST.

Flavor Version Tinstall Tcheck Ttotal Status Flags
r-devel-linux-x86_64-debian-clang 0.1.3 2.29 35.50 37.79 OK
r-devel-linux-x86_64-debian-gcc 0.1.3 1.75 28.02 29.77 OK
r-devel-linux-x86_64-fedora-clang 0.1.3 53.16 OK
r-devel-linux-x86_64-fedora-gcc 0.1.3 43.91 OK
r-devel-windows-x86_64 0.1.3 4.00 49.00 53.00 OK
r-devel-windows-x86_64-gcc10-UCRT 0.1.3 OK
r-patched-linux-x86_64 0.1.3 2.14 34.24 36.38 OK
r-patched-solaris-x86 0.1.3 68.30 WARN
r-release-linux-x86_64 0.1.3 2.00 34.48 36.48 OK
r-release-macos-arm64 0.1.3 ERROR
r-release-macos-x86_64 0.1.3 OK
r-release-windows-ix86+x86_64 0.1.3 5.00 49.00 54.00 OK
r-oldrel-macos-x86_64 0.1.3 WARN
r-oldrel-windows-ix86+x86_64 0.1.3 15.00 55.00 70.00 OK

Check Details

Version: 0.1.3
Check: re-building of vignette outputs
Result: WARN
    Error(s) in re-building vignettes:
     ...
    --- re-building ‘geocode.Rmd’ using rmarkdown
    Warning in engine$weave(file, quiet = quiet, encoding = enc) :
     Pandoc (>= 1.12.3) not available. Falling back to R Markdown v1.
    Quitting from lines 127-133 (geocode.Rmd)
    Error: processing vignette 'geocode.Rmd' failed with diagnostics:
    there is no package called 'webshot'
    --- failed re-building ‘geocode.Rmd’
    
    SUMMARY: processing the following file failed:
     ‘geocode.Rmd’
    
    Error: Vignette re-building failed.
    Execution halted
Flavor: r-patched-solaris-x86

Version: 0.1.3
Check: package dependencies
Result: NOTE
    Package suggested but not available for checking: ‘sf’
Flavor: r-release-macos-arm64

Version: 0.1.3
Check: Rd cross-references
Result: NOTE
    Package unavailable to check Rd xrefs: ‘sf’
Flavor: r-release-macos-arm64

Version: 0.1.3
Check: examples
Result: ERROR
    Running examples in ‘nlgeocoder-Ex.R’ failed
    The error most likely occurred in:
    
    > ### Name: nl_geocode
    > ### Title: Geocode adresses
    > ### Aliases: nl_geocode nl_geocode_rd nl_geocode_df
    >
    > ### ** Examples
    >
    > data("addresses")
    >
    > r <- nl_geocode(addresses$Address)
    Error in nl_geocode(addresses$Address) : You'll need package 'sf'.
    Execution halted
Flavor: r-release-macos-arm64

Version: 0.1.3
Check: tests
Result: ERROR
     Running ‘testthat.R’ [1s/10s]
    Running the tests in ‘tests/testthat.R’ failed.
    Last 13 lines of output:
     1. └─nlgeocoder::nl_geocode("Martinikerkhof 3 Groningen", output = "rd") test-nl_geocode.R:51:2
     ── Error (test-nl_geocode.R:61:3): restrict search to Groningen ────────────────
     Error: You'll need package 'sf'.
     Backtrace:
     █
     1. └─nlgeocoder::nl_geocode("Hoofdstraat", fq = "provincienaam:Groningen") test-nl_geocode.R:61:2
     ── Error (test-nl_geocode.R:66:3): restrict fields ─────────────────────────────
     Error: You'll need package 'sf'.
     Backtrace:
     █
     1. └─nlgeocoder::nl_geocode(...) test-nl_geocode.R:66:2
    
     [ FAIL 4 | WARN 0 | SKIP 26 | PASS 3 ]
     Error: Test failures
     Execution halted
Flavor: r-release-macos-arm64

Version: 0.1.3
Check: re-building of vignette outputs
Result: WARN
    Error(s) in re-building vignettes:
     ...
    --- re-building ‘geocode.Rmd’ using rmarkdown
    Warning in engine$weave(file, quiet = quiet, encoding = enc) :
     Pandoc (>= 1.12.3) not available. Falling back to R Markdown v1.
    Quitting from lines 15-22 (geocode.Rmd)
    Error: processing vignette 'geocode.Rmd' failed with diagnostics:
    there is no package called 'sf'
    --- failed re-building ‘geocode.Rmd’
    
    SUMMARY: processing the following file failed:
     ‘geocode.Rmd’
    
    Error: Vignette re-building failed.
    Execution halted
Flavor: r-release-macos-arm64

Version: 0.1.3
Check: re-building of vignette outputs
Result: WARN
    Error(s) in re-building vignettes:
     ...
    --- re-building ‘geocode.Rmd’ using rmarkdown
    Warning in engine$weave(file, quiet = quiet, encoding = enc) :
     Pandoc (>= 1.12.3) and/or pandoc-citeproc not available. Falling back to R Markdown v1.
    Quitting from lines 127-133 (geocode.Rmd)
    Error: processing vignette 'geocode.Rmd' failed with diagnostics:
    cannot open the connection
    --- failed re-building ‘geocode.Rmd’
    
    SUMMARY: processing the following file failed:
     ‘geocode.Rmd’
    
    Error: Vignette re-building failed.
    Execution halted
Flavor: r-oldrel-macos-x86_64