CRAN Package Check Results for Package nngeo

Last updated on 2021-10-27 02:52:42 CEST.

Flavor Version Tinstall Tcheck Ttotal Status Flags
r-devel-linux-x86_64-debian-clang 0.4.4 6.80 77.27 84.07 OK
r-devel-linux-x86_64-debian-gcc 0.4.4 5.83 57.75 63.58 OK
r-devel-linux-x86_64-fedora-clang 0.4.4 112.31 NOTE
r-devel-linux-x86_64-fedora-gcc 0.4.4 101.78 NOTE
r-devel-windows-x86_64 0.4.4 13.00 111.00 124.00 OK
r-devel-windows-x86_64-gcc10-UCRT 0.4.4 NOTE
r-patched-linux-x86_64 0.4.4 7.22 71.53 78.75 OK
r-patched-solaris-x86 0.4.4 134.40 NOTE
r-release-linux-x86_64 0.4.4 5.76 71.10 76.86 OK
r-release-macos-arm64 0.4.4 NOTE
r-release-macos-x86_64 0.4.4 NOTE
r-release-windows-ix86+x86_64 0.4.4 17.00 143.00 160.00 OK
r-oldrel-macos-x86_64 0.4.4 NOTE
r-oldrel-windows-ix86+x86_64 0.4.4 22.00 148.00 170.00 OK

Check Details

Version: 0.4.4
Check: dependencies in R code
Result: NOTE
    Namespaces in Imports field not imported from:
     ‘lwgeom’ ‘s2’
     All declared Imports should be used.
Flavors: r-devel-linux-x86_64-fedora-clang, r-devel-linux-x86_64-fedora-gcc, r-devel-windows-x86_64-gcc10-UCRT, r-patched-solaris-x86, r-release-macos-arm64, r-release-macos-x86_64, r-oldrel-macos-x86_64