CRAN Package Check Results for Package nowcasting

Last updated on 2021-09-22 02:49:33 CEST.

Flavor Version Tinstall Tcheck Ttotal Status Flags
r-devel-linux-x86_64-debian-clang 1.1.4 10.05 79.08 89.13 OK
r-devel-linux-x86_64-debian-gcc 1.1.4 7.24 58.55 65.79 OK
r-devel-linux-x86_64-fedora-clang 1.1.4 112.03 OK
r-devel-linux-x86_64-fedora-gcc 1.1.4 102.36 OK
r-devel-windows-x86_64 1.1.4 10.00 72.00 82.00 OK
r-devel-windows-x86_64-gcc10-UCRT 1.1.4 ERROR
r-patched-linux-x86_64 1.1.4 9.78 74.98 84.76 OK
r-patched-solaris-x86 1.1.4 150.10 OK
r-release-linux-x86_64 1.1.4 9.08 75.65 84.73 OK
r-release-macos-arm64 1.1.4 OK
r-release-macos-x86_64 1.1.4 OK
r-release-windows-ix86+x86_64 1.1.4 20.00 72.00 92.00 OK
r-oldrel-macos-x86_64 1.1.4 OK
r-oldrel-windows-ix86+x86_64 1.1.4 20.00 70.00 90.00 OK

Check Details

Version: 1.1.4
Check: whether package can be installed
Result: WARN
    Found the following significant warnings:
     WARNING: installation-time patches will not be applied, could not get the patches index
Flavor: r-devel-windows-x86_64-gcc10-UCRT

Version: 1.1.4
Check: PDF version of manual
Result: WARN
    LaTeX errors when creating PDF version.
    This typically indicates Rd problems.
Flavor: r-devel-windows-x86_64-gcc10-UCRT

Version: 1.1.4
Check: PDF version of manual without hyperrefs or index
Result: ERROR
    Re-running with no redirection of stdout/stderr.
Flavor: r-devel-windows-x86_64-gcc10-UCRT