CRAN Package Check Results for Package nplr

Last updated on 2021-09-22 02:49:33 CEST.

Flavor Version Tinstall Tcheck Ttotal Status Flags
r-devel-linux-x86_64-debian-clang 0.1-7 4.42 75.50 79.92 OK
r-devel-linux-x86_64-debian-gcc 0.1-7 3.16 59.23 62.39 OK
r-devel-linux-x86_64-fedora-clang 0.1-7 99.87 OK
r-devel-linux-x86_64-fedora-gcc 0.1-7 88.94 OK
r-devel-windows-x86_64 0.1-7 7.00 46.00 53.00 OK
r-devel-windows-x86_64-gcc10-UCRT 0.1-7 ERROR
r-patched-linux-x86_64 0.1-7 4.50 73.04 77.54 OK
r-patched-solaris-x86 0.1-7 128.50 OK
r-release-linux-x86_64 0.1-7 4.33 73.34 77.67 OK
r-release-macos-arm64 0.1-7 OK
r-release-macos-x86_64 0.1-7 OK
r-release-windows-ix86+x86_64 0.1-7 10.00 47.00 57.00 OK
r-oldrel-macos-x86_64 0.1-7 OK
r-oldrel-windows-ix86+x86_64 0.1-7 10.00 42.00 52.00 OK

Check Details

Version: 0.1-7
Check: whether package can be installed
Result: WARN
    Found the following significant warnings:
     WARNING: installation-time patches will not be applied, could not get the patches index
Flavor: r-devel-windows-x86_64-gcc10-UCRT

Version: 0.1-7
Check: PDF version of manual
Result: WARN
    LaTeX errors when creating PDF version.
    This typically indicates Rd problems.
Flavor: r-devel-windows-x86_64-gcc10-UCRT

Version: 0.1-7
Check: PDF version of manual without hyperrefs or index
Result: ERROR
    Re-running with no redirection of stdout/stderr.
Flavor: r-devel-windows-x86_64-gcc10-UCRT