CRAN Package Check Results for Package nzelect

Last updated on 2021-11-29 02:48:37 CET.

Flavor Version Tinstall Tcheck Ttotal Status Flags
r-devel-linux-x86_64-debian-clang 0.4.0 OK
r-devel-linux-x86_64-debian-gcc 0.4.0 10.90 51.37 62.27 OK
r-devel-linux-x86_64-fedora-clang 0.4.0 103.42 NOTE
r-devel-linux-x86_64-fedora-gcc 0.4.0 93.03 NOTE
r-devel-windows-x86_64-new-UL 0.4.0 22.00 108.00 130.00 OK
r-devel-windows-x86_64-new-TK 0.4.0 NOTE
r-devel-windows-x86_64-old 0.4.0 14.00 93.00 107.00 OK
r-patched-linux-x86_64 0.4.0 11.44 58.24 69.68 OK
r-patched-solaris-x86 0.4.0 125.20 NOTE
r-release-linux-x86_64 0.4.0 11.29 58.51 69.80 OK
r-release-macos-arm64 0.4.0 NOTE
r-release-macos-x86_64 0.4.0 NOTE
r-release-windows-ix86+x86_64 0.4.0 20.00 60.00 80.00 OK
r-oldrel-macos-x86_64 0.4.0 NOTE
r-oldrel-windows-ix86+x86_64 0.4.0 17.00 81.00 98.00 OK

Check Details

Version: 0.4.0
Check: data for non-ASCII characters
Result: NOTE
     Note: found 6409 marked UTF-8 strings
Flavors: r-devel-linux-x86_64-fedora-clang, r-devel-linux-x86_64-fedora-gcc, r-devel-windows-x86_64-new-TK, r-patched-solaris-x86, r-release-macos-arm64, r-release-macos-x86_64, r-oldrel-macos-x86_64

Version: 0.4.0
Check: installed package size
Result: NOTE
     installed size is 5.3Mb
     sub-directories of 1Mb or more:
     data 5.0Mb
Flavor: r-release-macos-arm64