CRAN Package Check Results for Package oai

Last updated on 2021-09-21 02:49:11 CEST.

Flavor Version Tinstall Tcheck Ttotal Status Flags
r-devel-linux-x86_64-debian-clang 0.3.2 3.50 36.16 39.66 OK
r-devel-linux-x86_64-debian-gcc 0.3.2 2.74 28.51 31.25 OK
r-devel-linux-x86_64-fedora-clang 0.3.2 57.14 OK
r-devel-linux-x86_64-fedora-gcc 0.3.2 46.23 OK
r-devel-windows-x86_64 0.3.2 6.00 46.00 52.00 OK
r-devel-windows-x86_64-gcc10-UCRT 0.3.2 ERROR
r-patched-linux-x86_64 0.3.2 3.76 35.56 39.32 OK
r-patched-solaris-x86 0.3.2 78.20 OK
r-release-linux-x86_64 0.3.2 3.52 35.11 38.63 OK
r-release-macos-arm64 0.3.2 OK
r-release-macos-x86_64 0.3.2 OK
r-release-windows-ix86+x86_64 0.3.2 8.00 44.00 52.00 OK
r-oldrel-macos-x86_64 0.3.2 OK
r-oldrel-windows-ix86+x86_64 0.3.2 9.00 45.00 54.00 OK

Check Details

Version: 0.3.2
Check: whether package can be installed
Result: WARN
    Found the following significant warnings:
     WARNING: installation-time patches will not be applied, could not get the patches index
Flavor: r-devel-windows-x86_64-gcc10-UCRT

Version: 0.3.2
Check: PDF version of manual
Result: WARN
    LaTeX errors when creating PDF version.
    This typically indicates Rd problems.
Flavor: r-devel-windows-x86_64-gcc10-UCRT

Version: 0.3.2
Check: PDF version of manual without hyperrefs or index
Result: ERROR
    Re-running with no redirection of stdout/stderr.
Flavor: r-devel-windows-x86_64-gcc10-UCRT