CRAN Package Check Results for Package odeGUTS

Last updated on 2023-06-07 02:59:21 CEST.

Flavor Version Tinstall Tcheck Ttotal Status Flags
r-devel-linux-x86_64-debian-clang 1.0.2 3.66 28.62 32.28 OK
r-devel-linux-x86_64-debian-gcc 1.0.2 3.10 22.49 25.59 OK
r-devel-linux-x86_64-fedora-clang 1.0.2 41.52 OK
r-devel-linux-x86_64-fedora-gcc 1.0.2 38.25 OK
r-devel-windows-x86_64 1.0.2 8.00 47.00 55.00 OK
r-patched-linux-x86_64 1.0.2 3.51 27.99 31.50 OK
r-release-linux-x86_64 1.0.2 3.45 27.71 31.16 OK
r-release-macos-arm64 1.0.2 19.00 OK
r-release-macos-x86_64 1.0.1 26.00 NOTE
r-release-windows-x86_64 1.0.2 9.00 46.00 55.00 OK
r-oldrel-macos-arm64 1.0.2 20.00 OK
r-oldrel-macos-x86_64 1.0.2 26.00 OK
r-oldrel-windows-x86_64 1.0.2 7.00 49.00 56.00 OK

Check Details

Version: 1.0.1
Check: package dependencies
Result: NOTE
    Package suggested but not available for checking: ‘morse’
Flavor: r-release-macos-x86_64