Last updated on 2022-07-04 02:53:37 CEST.
Flavor | Version | Tinstall | Tcheck | Ttotal | Status | Flags |
---|---|---|---|---|---|---|
r-devel-linux-x86_64-debian-clang | 1.0.6 | 19.51 | 207.44 | 226.95 | OK | |
r-devel-linux-x86_64-debian-gcc | 1.0.6 | 15.09 | 150.68 | 165.77 | OK | |
r-devel-linux-x86_64-fedora-clang | 1.0.6 | 271.85 | NOTE | |||
r-devel-linux-x86_64-fedora-gcc | 1.0.6 | 268.37 | NOTE | |||
r-devel-windows-x86_64 | 1.0.6 | 31.00 | 249.00 | 280.00 | OK | |
r-patched-linux-x86_64 | 1.0.6 | 18.47 | 194.09 | 212.56 | OK | |
r-release-linux-x86_64 | 1.0.6 | 19.16 | 194.22 | 213.38 | OK | |
r-release-macos-arm64 | 1.0.6 | 108.00 | NOTE | |||
r-release-macos-x86_64 | 1.0.6 | 148.00 | NOTE | |||
r-release-windows-x86_64 | 1.0.6 | 33.00 | 237.00 | 270.00 | OK | |
r-oldrel-macos-arm64 | 1.0.6 | 108.00 | NOTE | |||
r-oldrel-macos-x86_64 | 1.0.6 | 142.00 | NOTE | |||
r-oldrel-windows-ix86+x86_64 | 1.0.6 | 44.00 | 248.00 | 292.00 | OK |
Version: 1.0.6
Check: dependencies in R code
Result: NOTE
Namespace in Imports field not imported from: ‘reshape2’
All declared Imports should be used.
Flavors: r-devel-linux-x86_64-fedora-clang, r-devel-linux-x86_64-fedora-gcc, r-release-macos-arm64, r-release-macos-x86_64, r-oldrel-macos-arm64, r-oldrel-macos-x86_64