Last updated on 2023-06-05 02:58:26 CEST.
Flavor | Version | Tinstall | Tcheck | Ttotal | Status | Flags |
---|---|---|---|---|---|---|
r-devel-linux-x86_64-debian-clang | 3.0.0 | 96.32 | 220.54 | 316.86 | OK | --no-vignettes |
r-devel-linux-x86_64-debian-gcc | 3.0.0 | 75.73 | 164.96 | 240.69 | OK | --no-vignettes |
r-devel-linux-x86_64-fedora-clang | 3.0.0 | 1086.58 | OK | |||
r-devel-linux-x86_64-fedora-gcc | 3.0.0 | 1053.17 | OK | |||
r-devel-windows-x86_64 | 3.0.0 | 72.00 | 548.00 | 620.00 | NOTE | |
r-patched-linux-x86_64 | 3.0.0 | 85.15 | 210.89 | 296.04 | OK | --no-vignettes |
r-release-linux-x86_64 | 3.0.0 | 81.98 | 209.64 | 291.62 | OK | --no-vignettes |
r-release-macos-arm64 | 3.0.0 | 342.00 | OK | |||
r-release-macos-x86_64 | 3.0.0 | 458.00 | OK | |||
r-release-windows-x86_64 | 3.0.0 | 78.00 | 675.00 | 753.00 | NOTE | |
r-oldrel-macos-arm64 | 3.0.0 | 224.00 | OK | |||
r-oldrel-macos-x86_64 | 3.0.0 | 393.00 | OK | |||
r-oldrel-windows-x86_64 | 3.0.0 | 91.00 | 638.00 | 729.00 | OK |
Version: 3.0.0
Check: C++ specification
Result: NOTE
Specified C++11: please drop specification unless essential
Flavors: r-devel-windows-x86_64, r-release-windows-x86_64