CRAN Package Check Results for Package onlineforecast

Last updated on 2022-11-28 01:51:40 CET.

Flavor Version Tinstall Tcheck Ttotal Status Flags
r-devel-linux-x86_64-debian-clang 1.0.1 52.88 397.69 450.57 OK
r-devel-linux-x86_64-debian-gcc 1.0.1 35.57 277.01 312.58 OK
r-devel-linux-x86_64-fedora-clang 1.0.1 560.78 OK
r-devel-linux-x86_64-fedora-gcc 1.0.1 540.11 OK
r-devel-windows-x86_64 1.0.1 105.00 446.00 551.00 OK
r-patched-linux-x86_64 1.0.1 39.81 379.95 419.76 OK
r-release-linux-x86_64 1.0.1 43.80 367.51 411.31 OK
r-release-macos-arm64 1.0.1 188.00 NOTE
r-release-macos-x86_64 1.0.1 210.00 NOTE
r-release-windows-x86_64 1.0.1 145.00 453.00 598.00 OK
r-oldrel-macos-arm64 1.0.1 195.00 NOTE
r-oldrel-macos-x86_64 1.0.1 242.00 NOTE
r-oldrel-windows-ix86+x86_64 1.0.1 116.00 493.00 609.00 NOTE

Check Details

Version: 1.0.1
Check: installed package size
Result: NOTE
     installed size is 5.7Mb
     sub-directories of 1Mb or more:
     doc 3.2Mb
     libs 1.7Mb
Flavors: r-release-macos-arm64, r-release-macos-x86_64, r-oldrel-macos-arm64, r-oldrel-macos-x86_64, r-oldrel-windows-ix86+x86_64