CRAN Package Check Results for Package openMSE

Last updated on 2022-01-29 02:49:56 CET.

Flavor Version Tinstall Tcheck Ttotal Status Flags
r-devel-linux-x86_64-debian-clang 1.0.0 13.83 118.32 132.15 NOTE
r-devel-linux-x86_64-debian-gcc 1.0.0 8.69 88.00 96.69 NOTE
r-devel-linux-x86_64-fedora-clang 1.0.0 142.77 NOTE
r-devel-linux-x86_64-fedora-gcc 1.0.0 135.34 NOTE
r-devel-windows-x86_64-new-UL 1.0.0 21.00 127.00 148.00 NOTE
r-devel-windows-x86_64-new-TK 1.0.0 NOTE
r-patched-linux-x86_64 1.0.0 11.47 99.64 111.11 NOTE
r-release-linux-x86_64 1.0.0 11.61 100.86 112.47 NOTE
r-release-macos-arm64 1.0.0 NOTE
r-release-macos-x86_64 1.0.0 NOTE
r-release-windows-ix86+x86_64 1.0.0 27.00 118.00 145.00 NOTE
r-oldrel-macos-x86_64 1.0.0 OK
r-oldrel-windows-ix86+x86_64 1.0.0 29.00 117.00 146.00 OK

Check Details

Version: 1.0.0
Check: LazyData
Result: NOTE
     'LazyData' is specified without a 'data' directory
Flavors: r-devel-linux-x86_64-debian-clang, r-devel-linux-x86_64-debian-gcc, r-devel-linux-x86_64-fedora-clang, r-devel-linux-x86_64-fedora-gcc, r-devel-windows-x86_64-new-UL, r-devel-windows-x86_64-new-TK, r-patched-linux-x86_64, r-release-linux-x86_64, r-release-macos-arm64, r-release-macos-x86_64, r-release-windows-ix86+x86_64