CRAN Package Check Results for Package opencastR

Last updated on 2021-07-24 02:48:39 CEST.

Flavor Version Tinstall Tcheck Ttotal Status Flags
r-devel-linux-x86_64-debian-clang 0.1.3 2.94 34.07 37.01 NOTE
r-devel-linux-x86_64-debian-gcc 0.1.3 2.33 27.36 29.69 NOTE
r-devel-linux-x86_64-fedora-clang 0.1.3 54.64 NOTE
r-devel-linux-x86_64-fedora-gcc 0.1.3 43.34 NOTE
r-devel-windows-x86_64 0.1.3 5.00 53.00 58.00 NOTE
r-devel-windows-x86_64-gcc10-UCRT 0.1.3 NOTE
r-patched-linux-x86_64 0.1.3 3.50 33.18 36.68 NOTE
r-patched-solaris-x86 0.1.3 66.00 NOTE
r-release-linux-x86_64 0.1.3 3.02 33.30 36.32 NOTE
r-release-macos-arm64 0.1.3 NOTE
r-release-macos-x86_64 0.1.3 NOTE
r-release-windows-ix86+x86_64 0.1.3 6.00 49.00 55.00 NOTE
r-oldrel-macos-x86_64 0.1.3 OK
r-oldrel-windows-ix86+x86_64 0.1.3 7.00 60.00 67.00 OK

Check Details

Version: 0.1.3
Check: LazyData
Result: NOTE
     'LazyData' is specified without a 'data' directory
Flavors: r-devel-linux-x86_64-debian-clang, r-devel-linux-x86_64-debian-gcc, r-devel-linux-x86_64-fedora-clang, r-devel-linux-x86_64-fedora-gcc, r-devel-windows-x86_64, r-devel-windows-x86_64-gcc10-UCRT, r-patched-linux-x86_64, r-patched-solaris-x86, r-release-linux-x86_64, r-release-macos-arm64, r-release-macos-x86_64, r-release-windows-ix86+x86_64