CRAN Package Check Results for Package openintro

Last updated on 2021-08-04 02:50:08 CEST.

Flavor Version Tinstall Tcheck Ttotal Status Flags
r-devel-linux-x86_64-debian-clang 2.2.0 31.99 159.14 191.13 OK
r-devel-linux-x86_64-debian-gcc 2.2.0 29.48 117.32 146.80 OK
r-devel-linux-x86_64-fedora-clang 2.2.0 235.96 NOTE
r-devel-linux-x86_64-fedora-gcc 2.2.0 227.35 NOTE
r-devel-windows-x86_64 2.2.0 51.00 291.00 342.00 OK
r-devel-windows-x86_64-gcc10-UCRT 2.2.0 NOTE
r-patched-linux-x86_64 2.2.0 34.76 146.56 181.32 OK
r-patched-solaris-x86 2.2.0 333.40 NOTE
r-release-linux-x86_64 2.2.0 28.34 149.08 177.42 OK
r-release-macos-arm64 2.2.0 NOTE
r-release-macos-x86_64 2.2.0 NOTE
r-release-windows-ix86+x86_64 2.2.0 56.00 238.00 294.00 OK
r-oldrel-macos-x86_64 2.2.0 NOTE
r-oldrel-windows-ix86+x86_64 2.2.0 39.00 256.00 295.00 OK

Check Details

Version: 2.2.0
Check: data for non-ASCII characters
Result: NOTE
     Note: found 2521 marked UTF-8 strings
Flavors: r-devel-linux-x86_64-fedora-clang, r-devel-linux-x86_64-fedora-gcc, r-devel-windows-x86_64-gcc10-UCRT, r-patched-solaris-x86, r-release-macos-arm64, r-release-macos-x86_64, r-oldrel-macos-x86_64