CRAN Package Check Results for Package oppr

Last updated on 2021-10-27 02:52:43 CEST.

Flavor Version Tinstall Tcheck Ttotal Status Flags
r-devel-linux-x86_64-debian-clang 1.0.3 227.82 155.73 383.55 NOTE
r-devel-linux-x86_64-debian-gcc 1.0.3 165.45 116.04 281.49 NOTE
r-devel-linux-x86_64-fedora-clang 1.0.3 565.85 NOTE
r-devel-linux-x86_64-fedora-gcc 1.0.3 510.88 NOTE
r-devel-windows-x86_64 1.0.3 318.00 201.00 519.00 NOTE
r-devel-windows-x86_64-gcc10-UCRT 1.0.3 NOTE
r-patched-linux-x86_64 1.0.3 210.89 147.09 357.98 NOTE
r-patched-solaris-x86 1.0.3 523.70 NOTE
r-release-linux-x86_64 1.0.3 194.48 145.46 339.94 NOTE
r-release-macos-arm64 1.0.3 NOTE
r-release-macos-x86_64 1.0.3 NOTE
r-release-windows-ix86+x86_64 1.0.3 428.00 300.00 728.00 NOTE
r-oldrel-macos-x86_64 1.0.3 NOTE
r-oldrel-windows-ix86+x86_64 1.0.3 587.00 293.00 880.00 NOTE

Check Details

Version: 1.0.3
Check: package dependencies
Result: NOTE
    Package suggested but not available for checking: 'gurobi'
Flavors: r-devel-linux-x86_64-debian-clang, r-devel-linux-x86_64-debian-gcc, r-devel-linux-x86_64-fedora-clang, r-devel-linux-x86_64-fedora-gcc, r-devel-windows-x86_64, r-devel-windows-x86_64-gcc10-UCRT, r-patched-linux-x86_64, r-release-linux-x86_64, r-release-windows-ix86+x86_64, r-oldrel-windows-ix86+x86_64

Version: 1.0.3
Check: installed package size
Result: NOTE
     installed size is 8.1Mb
     sub-directories of 1Mb or more:
     libs 6.4Mb
Flavors: r-devel-linux-x86_64-fedora-clang, r-release-macos-arm64, r-release-macos-x86_64, r-oldrel-macos-x86_64

Version: 1.0.3
Check: package dependencies
Result: NOTE
    Packages suggested but not available for checking:
     'gurobi', 'Rsymphony', 'lpsymphony'
Flavor: r-patched-solaris-x86

Version: 1.0.3
Check: package dependencies
Result: NOTE
    Packages suggested but not available for checking:
     'gurobi', 'ggtree', 'Rsymphony', 'lpsymphony'
Flavor: r-release-macos-arm64

Version: 1.0.3
Check: Rd cross-references
Result: NOTE
    Package unavailable to check Rd xrefs: ‘ggtree’
Flavors: r-release-macos-arm64, r-release-macos-x86_64, r-oldrel-macos-x86_64

Version: 1.0.3
Check: package dependencies
Result: NOTE
    Packages suggested but not available for checking:
     'gurobi', 'ggtree', 'lpsymphony'
Flavors: r-release-macos-x86_64, r-oldrel-macos-x86_64