CRAN Package Check Results for Package orloca

Last updated on 2021-10-20 02:50:13 CEST.

Flavor Version Tinstall Tcheck Ttotal Status Flags
r-devel-linux-x86_64-debian-clang 4.10 3.85 39.90 43.75 OK
r-devel-linux-x86_64-debian-gcc 4.10 3.73 29.99 33.72 OK
r-devel-linux-x86_64-fedora-clang 4.10 63.61 NOTE
r-devel-linux-x86_64-fedora-gcc 4.10 52.74 NOTE
r-devel-windows-x86_64 4.10 9.00 65.00 74.00 OK
r-devel-windows-x86_64-gcc10-UCRT 4.10 NOTE
r-patched-linux-x86_64 4.10 4.70 38.52 43.22 OK
r-patched-solaris-x86 4.10 71.30 NOTE
r-release-linux-x86_64 4.10 4.45 40.02 44.47 OK
r-release-macos-arm64 4.10 NOTE
r-release-macos-x86_64 4.10 NOTE
r-release-windows-ix86+x86_64 4.10 7.00 60.00 67.00 OK
r-oldrel-macos-x86_64 4.10 NOTE
r-oldrel-windows-ix86+x86_64 4.10 10.00 67.00 77.00 OK

Check Details

Version: 4.10
Check: dependencies in R code
Result: NOTE
    Namespaces in Imports field not imported from:
     ‘knitr’ ‘rmarkdown’
     All declared Imports should be used.
Flavors: r-devel-linux-x86_64-fedora-clang, r-devel-linux-x86_64-fedora-gcc, r-devel-windows-x86_64-gcc10-UCRT, r-patched-solaris-x86, r-release-macos-arm64, r-release-macos-x86_64, r-oldrel-macos-x86_64

Version: 4.10
Check: Rd cross-references
Result: NOTE
    Undeclared package ‘orloca.es’ in Rd xrefs
Flavor: r-devel-linux-x86_64-fedora-clang