CRAN Package Check Results for Package oro.nifti

Last updated on 2021-09-18 02:52:04 CEST.

Flavor Version Tinstall Tcheck Ttotal Status Flags
r-devel-linux-x86_64-debian-clang 0.11.0 24.28 104.64 128.92 NOTE
r-devel-linux-x86_64-debian-gcc 0.11.0 16.97 78.07 95.04 NOTE
r-devel-linux-x86_64-fedora-clang 0.11.0 155.48 NOTE
r-devel-linux-x86_64-fedora-gcc 0.11.0 154.46 NOTE
r-devel-windows-x86_64 0.11.0 24.00 139.00 163.00 NOTE
r-devel-windows-x86_64-gcc10-UCRT 0.11.0 NOTE
r-patched-linux-x86_64 0.11.0 26.68 100.21 126.89 NOTE
r-patched-solaris-x86 0.11.0 188.50 NOTE
r-release-linux-x86_64 0.11.0 23.07 100.10 123.17 NOTE
r-release-macos-arm64 0.11.0 NOTE
r-release-macos-x86_64 0.11.0 NOTE
r-release-windows-ix86+x86_64 0.11.0 36.00 104.00 140.00 NOTE
r-oldrel-macos-x86_64 0.11.0 NOTE
r-oldrel-windows-ix86+x86_64 0.11.0 35.00 96.00 131.00 NOTE

Check Details

Version: 0.11.0
Check: LazyData
Result: NOTE
     'LazyData' is specified without a 'data' directory
     'LazyDataCompression' is specified without a 'data' directory
Flavors: r-devel-linux-x86_64-debian-clang, r-devel-linux-x86_64-debian-gcc, r-devel-linux-x86_64-fedora-clang, r-devel-linux-x86_64-fedora-gcc, r-devel-windows-x86_64, r-devel-windows-x86_64-gcc10-UCRT, r-patched-linux-x86_64, r-patched-solaris-x86, r-release-linux-x86_64, r-release-macos-arm64, r-release-macos-x86_64, r-release-windows-ix86+x86_64

Version: 0.11.0
Check: installed package size
Result: NOTE
     installed size is 6.6Mb
     sub-directories of 1Mb or more:
     R 1.0Mb
     nifti 3.8Mb
Flavors: r-devel-linux-x86_64-fedora-clang, r-devel-windows-x86_64, r-patched-solaris-x86, r-release-macos-arm64, r-release-macos-x86_64, r-release-windows-ix86+x86_64, r-oldrel-macos-x86_64, r-oldrel-windows-ix86+x86_64