CRAN Package Check Results for Package packagetrackr

Last updated on 2021-05-18 02:49:22 CEST.

Flavor Version Tinstall Tcheck Ttotal Status Flags
r-devel-linux-x86_64-debian-clang 0.1.1 4.01 39.69 43.70 NOTE
r-devel-linux-x86_64-debian-gcc 0.1.1 2.93 30.17 33.10 NOTE
r-devel-linux-x86_64-fedora-clang 0.1.1 59.91 NOTE
r-devel-linux-x86_64-fedora-gcc 0.1.1 49.80 NOTE
r-devel-windows-ix86+x86_64 0.1.1 10.00 41.00 51.00 NOTE
r-devel-windows-x86_64-gcc10-UCRT 0.1.1 NOTE
r-patched-linux-x86_64 0.1.1 3.61 37.43 41.04 NOTE
r-patched-solaris-x86 0.1.1 74.70 NOTE
r-release-linux-x86_64 0.1.1 3.32 36.76 40.08 OK
r-release-macos-x86_64 0.1.1 OK
r-release-windows-ix86+x86_64 0.1.1 8.00 41.00 49.00 OK
r-oldrel-macos-x86_64 0.1.1 OK
r-oldrel-windows-ix86+x86_64 0.1.1 6.00 40.00 46.00 OK

Check Details

Version: 0.1.1
Check: LazyData
Result: NOTE
     'LazyData' is specified without a 'data' directory
Flavors: r-devel-linux-x86_64-debian-clang, r-devel-linux-x86_64-debian-gcc, r-devel-linux-x86_64-fedora-clang, r-devel-linux-x86_64-fedora-gcc, r-devel-windows-ix86+x86_64, r-devel-windows-x86_64-gcc10-UCRT, r-patched-linux-x86_64, r-patched-solaris-x86