CRAN Package Check Results for Package pagoo

Last updated on 2021-08-02 02:49:59 CEST.

Flavor Version Tinstall Tcheck Ttotal Status Flags
r-devel-linux-x86_64-debian-clang 0.3.9 30.44 362.55 392.99 OK
r-devel-linux-x86_64-debian-gcc 0.3.9 25.72 266.13 291.85 OK
r-devel-linux-x86_64-fedora-clang 0.3.9 469.66 OK
r-devel-linux-x86_64-fedora-gcc 0.3.9 516.08 OK
r-devel-windows-x86_64 0.3.9 43.00 382.00 425.00 OK
r-devel-windows-x86_64-gcc10-UCRT 0.3.9 OK
r-patched-linux-x86_64 0.3.9 OK
r-patched-solaris-x86 0.3.9 614.90 NOTE
r-release-linux-x86_64 0.3.9 26.59 340.45 367.04 OK
r-release-macos-arm64 0.3.9 ERROR
r-release-macos-x86_64 0.3.9 NOTE
r-release-windows-ix86+x86_64 0.3.9 66.00 394.00 460.00 OK
r-oldrel-macos-x86_64 0.3.9 NOTE
r-oldrel-windows-ix86+x86_64 0.3.9 78.00 400.00 478.00 OK

Check Details

Version: 0.3.9
Check: installed package size
Result: NOTE
     installed size is 5.1Mb
     sub-directories of 1Mb or more:
     extdata 4.1Mb
Flavor: r-patched-solaris-x86

Version: 0.3.9
Check: package dependencies
Result: ERROR
    Package required but not available: ‘GenomicRanges’
    
    Package suggested but not available for checking: ‘DECIPHER’
    
    See section ‘The DESCRIPTION file’ in the ‘Writing R Extensions’
    manual.
Flavor: r-release-macos-arm64

Version: 0.3.9
Check: package dependencies
Result: NOTE
    Package suggested but not available for checking: ‘DECIPHER’
Flavors: r-release-macos-x86_64, r-oldrel-macos-x86_64