CRAN Package Check Results for Package pak

Last updated on 2021-07-30 02:51:48 CEST.

Flavor Version Tinstall Tcheck Ttotal Status Flags
r-devel-linux-x86_64-debian-clang 0.1.2.1 NOTE
r-devel-linux-x86_64-debian-gcc 0.1.2.1 7.10 35.94 43.04 NOTE
r-devel-linux-x86_64-fedora-clang 0.1.2.1 74.45 NOTE
r-devel-linux-x86_64-fedora-gcc 0.1.2.1 63.72 NOTE
r-devel-windows-x86_64 0.1.2.1 8.00 59.00 67.00 NOTE
r-devel-windows-x86_64-gcc10-UCRT 0.1.2.1 NOTE
r-patched-linux-x86_64 0.1.2.1 NOTE
r-patched-solaris-x86 0.1.2.1 84.20 NOTE
r-release-linux-x86_64 0.1.2.1 7.67 45.59 53.26 NOTE
r-release-macos-arm64 0.1.2.1 NOTE
r-release-macos-x86_64 0.1.2.1 NOTE
r-release-windows-ix86+x86_64 0.1.2.1 14.00 44.00 58.00 NOTE
r-oldrel-macos-x86_64 0.1.2.1 OK
r-oldrel-windows-ix86+x86_64 0.1.2.1 11.00 59.00 70.00 OK

Check Details

Version: 0.1.2.1
Check: LazyData
Result: NOTE
     'LazyData' is specified without a 'data' directory
Flavors: r-devel-linux-x86_64-debian-clang, r-devel-linux-x86_64-debian-gcc, r-devel-linux-x86_64-fedora-clang, r-devel-linux-x86_64-fedora-gcc, r-devel-windows-x86_64, r-devel-windows-x86_64-gcc10-UCRT, r-patched-linux-x86_64, r-patched-solaris-x86, r-release-linux-x86_64, r-release-macos-arm64, r-release-macos-x86_64, r-release-windows-ix86+x86_64

Version: 0.1.2.1
Check: package dependencies
Result: NOTE
    Imports includes 21 non-default packages.
    Importing from so many packages makes the package vulnerable to any of
    them becoming unavailable. Move as many as possible to Suggests and
    use conditionally.
Flavor: r-devel-linux-x86_64-fedora-clang