CRAN Package Check Results for Package partitionBEFsp

Last updated on 2022-01-29 02:49:56 CET.

Flavor Version Tinstall Tcheck Ttotal Status Flags
r-devel-linux-x86_64-debian-clang 1.0 2.08 31.19 33.27 NOTE
r-devel-linux-x86_64-debian-gcc 1.0 1.18 24.50 25.68 NOTE
r-devel-linux-x86_64-fedora-clang 1.0 41.54 NOTE
r-devel-linux-x86_64-fedora-gcc 1.0 30.80 NOTE
r-devel-windows-x86_64-new-UL 1.0 24.00 54.00 78.00 NOTE
r-devel-windows-x86_64-new-TK 1.0 NOTE
r-patched-linux-x86_64 1.0 1.66 30.30 31.96 NOTE
r-release-linux-x86_64 1.0 1.79 30.68 32.47 NOTE
r-release-macos-arm64 1.0 NOTE
r-release-macos-x86_64 1.0 NOTE
r-release-windows-ix86+x86_64 1.0 6.00 29.00 35.00 NOTE
r-oldrel-macos-x86_64 1.0 OK
r-oldrel-windows-ix86+x86_64 1.0 5.00 27.00 32.00 OK

Check Details

Version: 1.0
Check: LazyData
Result: NOTE
     'LazyData' is specified without a 'data' directory
Flavors: r-devel-linux-x86_64-debian-clang, r-devel-linux-x86_64-debian-gcc, r-devel-linux-x86_64-fedora-clang, r-devel-linux-x86_64-fedora-gcc, r-devel-windows-x86_64-new-UL, r-devel-windows-x86_64-new-TK, r-patched-linux-x86_64, r-release-linux-x86_64, r-release-macos-arm64, r-release-macos-x86_64, r-release-windows-ix86+x86_64