CRAN Package Check Results for Package partitionBEFsp

Last updated on 2022-08-16 04:53:45 CEST.

Flavor Version Tinstall Tcheck Ttotal Status Flags
r-devel-linux-x86_64-debian-clang 1.0 2.07 24.14 26.21 NOTE
r-devel-linux-x86_64-debian-gcc 1.0 1.49 18.56 20.05 NOTE
r-devel-linux-x86_64-fedora-clang 1.0 42.35 NOTE
r-devel-linux-x86_64-fedora-gcc 1.0 41.68 NOTE
r-devel-windows-x86_64 1.0 19.00 54.00 73.00 NOTE
r-patched-linux-x86_64 1.0 2.06 23.62 25.68 NOTE
r-release-linux-x86_64 1.0 2.24 23.24 25.48 NOTE
r-release-macos-arm64 1.0 15.00 NOTE
r-release-macos-x86_64 1.0 21.00 NOTE
r-release-windows-x86_64 1.0 6.00 53.00 59.00 NOTE
r-oldrel-macos-arm64 1.0 18.00 NOTE
r-oldrel-macos-x86_64 1.0 24.00 NOTE
r-oldrel-windows-ix86+x86_64 1.0 6.00 29.00 35.00 NOTE

Check Details

Version: 1.0
Check: LazyData
Result: NOTE
     'LazyData' is specified without a 'data' directory
Flavors: r-devel-linux-x86_64-debian-clang, r-devel-linux-x86_64-debian-gcc, r-devel-linux-x86_64-fedora-clang, r-devel-linux-x86_64-fedora-gcc, r-devel-windows-x86_64, r-patched-linux-x86_64, r-release-linux-x86_64, r-release-macos-arm64, r-release-macos-x86_64, r-release-windows-x86_64, r-oldrel-macos-arm64, r-oldrel-macos-x86_64, r-oldrel-windows-ix86+x86_64