CRAN Package Check Results for Package pbkrtest

Last updated on 2021-08-01 02:53:04 CEST.

Flavor Version Tinstall Tcheck Ttotal Status Flags
r-devel-linux-x86_64-debian-clang 0.5.1 12.05 187.76 199.81 OK
r-devel-linux-x86_64-debian-gcc 0.5.1 9.85 137.76 147.61 OK
r-devel-linux-x86_64-fedora-clang 0.5.1 240.63 NOTE
r-devel-linux-x86_64-fedora-gcc 0.5.1 227.92 NOTE
r-devel-windows-x86_64 0.5.1 24.00 211.00 235.00 OK
r-devel-windows-x86_64-gcc10-UCRT 0.5.1 NOTE
r-patched-linux-x86_64 0.5.1 OK
r-patched-solaris-x86 0.5.1 296.10 NOTE
r-release-linux-x86_64 0.5.1 11.06 175.54 186.60 OK
r-release-macos-arm64 0.5.1 NOTE
r-release-macos-x86_64 0.5.1 NOTE
r-release-windows-ix86+x86_64 0.5.1 27.00 209.00 236.00 OK
r-oldrel-macos-x86_64 0.5.1 NOTE
r-oldrel-windows-ix86+x86_64 0.5.1 52.00 216.00 268.00 OK

Check Details

Version: 0.5.1
Check: dependencies in R code
Result: NOTE
    Namespace in Imports field not imported from: ‘knitr’
     All declared Imports should be used.
Flavors: r-devel-linux-x86_64-fedora-clang, r-devel-linux-x86_64-fedora-gcc, r-devel-windows-x86_64-gcc10-UCRT, r-patched-solaris-x86, r-release-macos-arm64, r-release-macos-x86_64, r-oldrel-macos-x86_64