CRAN Package Check Results for Package pbs

Last updated on 2022-09-27 02:54:19 CEST.

Flavor Version Tinstall Tcheck Ttotal Status Flags
r-devel-linux-x86_64-debian-clang 1.1 1.80 22.45 24.25 NOTE
r-devel-linux-x86_64-debian-gcc 1.1 1.48 18.13 19.61 NOTE
r-devel-linux-x86_64-fedora-clang 1.1 42.53 NOTE
r-devel-linux-x86_64-fedora-gcc 1.1 39.37 NOTE
r-devel-windows-x86_64 1.1 9.00 60.00 69.00 NOTE
r-patched-linux-x86_64 1.1 1.68 21.90 23.58 NOTE
r-release-linux-x86_64 1.1 1.66 22.47 24.13 NOTE
r-release-macos-arm64 1.1 14.00 NOTE
r-release-macos-x86_64 1.1 22.00 NOTE
r-release-windows-x86_64 1.1 4.00 45.00 49.00 NOTE
r-oldrel-macos-arm64 1.1 17.00 NOTE
r-oldrel-macos-x86_64 1.1 26.00 NOTE
r-oldrel-windows-ix86+x86_64 1.1 4.00 32.00 36.00 NOTE

Check Details

Version: 1.1
Check: DESCRIPTION meta-information
Result: NOTE
    Malformed Description field: should contain one or more complete sentences.
Flavors: r-devel-linux-x86_64-debian-clang, r-devel-linux-x86_64-debian-gcc, r-devel-linux-x86_64-fedora-clang, r-devel-linux-x86_64-fedora-gcc, r-devel-windows-x86_64, r-patched-linux-x86_64, r-release-linux-x86_64, r-release-macos-arm64, r-release-macos-x86_64, r-release-windows-x86_64, r-oldrel-macos-arm64, r-oldrel-macos-x86_64, r-oldrel-windows-ix86+x86_64