Last updated on 2022-05-24 02:52:46 CEST.
Flavor | Version | Tinstall | Tcheck | Ttotal | Status | Flags |
---|---|---|---|---|---|---|
r-devel-linux-x86_64-debian-clang | 2.7-6 | 119.18 | 404.10 | 523.28 | OK | |
r-devel-linux-x86_64-debian-gcc | 2.7-6 | 91.32 | 300.88 | 392.20 | OK | |
r-devel-linux-x86_64-fedora-clang | 2.7-6 | 649.04 | NOTE | |||
r-devel-linux-x86_64-fedora-gcc | 2.7-6 | 623.87 | OK | |||
r-devel-windows-x86_64 | 2.7-6 | 127.00 | 481.00 | 608.00 | NOTE | |
r-patched-linux-x86_64 | 2.7-6 | 107.20 | 380.39 | 487.59 | OK | |
r-release-linux-x86_64 | 2.7-6 | OK | ||||
r-release-macos-arm64 | 2.7-6 | 184.00 | NOTE | |||
r-release-macos-x86_64 | 2.7-6 | 230.00 | NOTE | |||
r-release-windows-x86_64 | 2.7-6 | 131.00 | 498.00 | 629.00 | NOTE | |
r-oldrel-macos-arm64 | 2.7-6 | 151.00 | NOTE | |||
r-oldrel-macos-x86_64 | 2.7-6 | 227.00 | NOTE | |||
r-oldrel-windows-ix86+x86_64 | 2.7-6 | 262.00 | 723.00 | 985.00 | NOTE |
Version: 2.7-6
Check: installed package size
Result: NOTE
installed size is 9.8Mb
sub-directories of 1Mb or more:
data 2.1Mb
libs 5.0Mb
Flavors: r-devel-linux-x86_64-fedora-clang, r-devel-windows-x86_64, r-release-macos-arm64, r-release-macos-x86_64, r-release-windows-x86_64, r-oldrel-macos-arm64, r-oldrel-macos-x86_64, r-oldrel-windows-ix86+x86_64
Version: 2.7-6
Check: Rd cross-references
Result: NOTE
Undeclared packages ‘combinat’, ‘unifDAG’ in Rd xrefs
Flavor: r-devel-linux-x86_64-fedora-clang