Last updated on 2023-02-04 02:50:05 CET.
Flavor | Version | Tinstall | Tcheck | Ttotal | Status | Flags |
---|---|---|---|---|---|---|
r-devel-linux-x86_64-debian-clang | 2.7-8 | 123.26 | 416.60 | 539.86 | NOTE | |
r-devel-linux-x86_64-debian-gcc | 2.7-8 | 95.89 | 313.50 | 409.39 | NOTE | |
r-devel-linux-x86_64-fedora-clang | 2.7-8 | 692.78 | NOTE | |||
r-devel-linux-x86_64-fedora-gcc | 2.7-8 | 674.79 | NOTE | |||
r-devel-windows-x86_64 | 2.7-8 | 159.00 | 518.00 | 677.00 | NOTE | |
r-patched-linux-x86_64 | 2.7-8 | 117.80 | 386.82 | 504.62 | OK | |
r-release-linux-x86_64 | 2.7-8 | 107.99 | 387.34 | 495.33 | OK | |
r-release-macos-arm64 | 2.7-8 | 177.00 | NOTE | |||
r-release-macos-x86_64 | 2.7-8 | 241.00 | NOTE | |||
r-release-windows-x86_64 | 2.7-8 | 151.00 | 548.00 | 699.00 | NOTE | |
r-oldrel-macos-arm64 | 2.7-8 | 170.00 | NOTE | |||
r-oldrel-macos-x86_64 | 2.7-8 | 233.00 | NOTE | |||
r-oldrel-windows-ix86+x86_64 | 2.7-8 | 260.00 | 783.00 | 1043.00 | NOTE |
Version: 2.7-8
Check: C++ specification
Result: NOTE
Specified C++11: please update to current default of C++17
Flavors: r-devel-linux-x86_64-debian-clang, r-devel-linux-x86_64-debian-gcc, r-devel-linux-x86_64-fedora-clang, r-devel-linux-x86_64-fedora-gcc, r-devel-windows-x86_64
Version: 2.7-8
Check: installed package size
Result: NOTE
installed size is 5.5Mb
sub-directories of 1Mb or more:
data 2.1Mb
Flavors: r-devel-linux-x86_64-fedora-clang, r-devel-windows-x86_64, r-release-macos-arm64, r-release-macos-x86_64, r-release-windows-x86_64, r-oldrel-macos-arm64, r-oldrel-macos-x86_64, r-oldrel-windows-ix86+x86_64
Version: 2.7-8
Check: Rd cross-references
Result: NOTE
Undeclared packages ‘combinat’, ‘unifDAG’ in Rd xrefs
Flavor: r-devel-linux-x86_64-fedora-clang