Last updated on 2022-08-09 03:53:06 CEST.
Flavor | Version | Tinstall | Tcheck | Ttotal | Status | Flags |
---|---|---|---|---|---|---|
r-devel-linux-x86_64-debian-clang | 1.8 | 9.89 | 117.17 | 127.06 | OK | |
r-devel-linux-x86_64-debian-gcc | 1.8 | 8.17 | 86.67 | 94.84 | OK | |
r-devel-linux-x86_64-fedora-clang | 1.8 | 161.31 | NOTE | |||
r-devel-linux-x86_64-fedora-gcc | 1.8 | 157.66 | NOTE | |||
r-devel-windows-x86_64 | 1.8 | 23.00 | 129.00 | 152.00 | OK | |
r-patched-linux-x86_64 | 1.8 | 12.39 | 113.40 | 125.79 | OK | |
r-release-linux-x86_64 | 1.8 | OK | ||||
r-release-macos-arm64 | 1.8 | 61.00 | NOTE | |||
r-release-macos-x86_64 | 1.8 | 81.00 | NOTE | |||
r-release-windows-x86_64 | 1.8 | 24.00 | 135.00 | 159.00 | OK | |
r-oldrel-macos-arm64 | 1.8 | 60.00 | NOTE | |||
r-oldrel-macos-x86_64 | 1.8 | 81.00 | NOTE | |||
r-oldrel-windows-ix86+x86_64 | 1.8 | 30.00 | 126.00 | 156.00 | OK |
Version: 1.8
Check: dependencies in R code
Result: NOTE
Namespaces in Imports field not imported from:
‘car’ ‘sandwich’
All declared Imports should be used.
Flavors: r-devel-linux-x86_64-fedora-clang, r-devel-linux-x86_64-fedora-gcc, r-release-macos-arm64, r-release-macos-x86_64, r-oldrel-macos-arm64, r-oldrel-macos-x86_64