CRAN Package Check Results for Package pdxTrees

Last updated on 2021-09-22 02:49:35 CEST.

Flavor Version Tinstall Tcheck Ttotal Status Flags
r-devel-linux-x86_64-debian-clang 0.4.0 2.42 78.73 81.15 NOTE
r-devel-linux-x86_64-debian-gcc 0.4.0 1.84 57.50 59.34 NOTE
r-devel-linux-x86_64-fedora-clang 0.4.0 99.90 NOTE
r-devel-linux-x86_64-fedora-gcc 0.4.0 89.16 NOTE
r-devel-windows-x86_64 0.4.0 3.00 70.00 73.00 NOTE
r-devel-windows-x86_64-gcc10-UCRT 0.4.0 ERROR
r-patched-linux-x86_64 0.4.0 2.52 74.08 76.60 NOTE
r-patched-solaris-x86 0.4.0 59.40 WARN
r-release-linux-x86_64 0.4.0 2.32 73.69 76.01 NOTE
r-release-macos-arm64 0.4.0 NOTE
r-release-macos-x86_64 0.4.0 WARN
r-release-windows-ix86+x86_64 0.4.0 5.00 66.00 71.00 NOTE
r-oldrel-macos-x86_64 0.4.0 WARN
r-oldrel-windows-ix86+x86_64 0.4.0 6.00 67.00 73.00 OK

Check Details

Version: 0.4.0
Check: LazyData
Result: NOTE
     'LazyData' is specified without a 'data' directory
Flavors: r-devel-linux-x86_64-debian-clang, r-devel-linux-x86_64-debian-gcc, r-devel-linux-x86_64-fedora-clang, r-devel-linux-x86_64-fedora-gcc, r-devel-windows-x86_64, r-devel-windows-x86_64-gcc10-UCRT, r-patched-linux-x86_64, r-patched-solaris-x86, r-release-linux-x86_64, r-release-macos-arm64, r-release-macos-x86_64, r-release-windows-ix86+x86_64

Version: 0.4.0
Check: whether package can be installed
Result: WARN
    Found the following significant warnings:
     WARNING: installation-time patches will not be applied, could not get the patches index
Flavor: r-devel-windows-x86_64-gcc10-UCRT

Version: 0.4.0
Check: PDF version of manual
Result: WARN
    LaTeX errors when creating PDF version.
    This typically indicates Rd problems.
Flavor: r-devel-windows-x86_64-gcc10-UCRT

Version: 0.4.0
Check: PDF version of manual without hyperrefs or index
Result: ERROR
    Re-running with no redirection of stdout/stderr.
Flavor: r-devel-windows-x86_64-gcc10-UCRT

Version: 0.4.0
Check: package dependencies
Result: NOTE
    Package suggested but not available for checking: ‘gifski’
Flavor: r-patched-solaris-x86

Version: 0.4.0
Check: re-building of vignette outputs
Result: WARN
    Error(s) in re-building vignettes:
     ...
    --- re-building ‘pdxTrees-vignette.Rmd’ using rmarkdown
    Pandoc is required to build R Markdown vignettes but not available. Please make sure it is installed.
    
    Attaching package: 'dplyr'
    
    The following objects are masked from 'package:stats':
    
     filter, lag
    
    The following objects are masked from 'package:base':
    
     intersect, setdiff, setequal, union
    
    `curl` package not installed, falling back to using `url()`
    `curl` package not installed, falling back to using `url()`
    Quitting from lines 93-133 (pdxTrees-vignette.Rmd)
    Error: processing vignette 'pdxTrees-vignette.Rmd' failed with diagnostics:
    there is no package called 'webshot'
    --- failed re-building ‘pdxTrees-vignette.Rmd’
    
    SUMMARY: processing the following file failed:
     ‘pdxTrees-vignette.Rmd’
    
    Error: Vignette re-building failed.
    Execution halted
Flavor: r-patched-solaris-x86

Version: 0.4.0
Check: re-building of vignette outputs
Result: WARN
    Error(s) in re-building vignettes:
    --- re-building ‘pdxTrees-vignette.Rmd’ using rmarkdown
    Warning in engine$weave(file, quiet = quiet, encoding = enc) :
     Pandoc (>= 1.12.3) not available. Falling back to R Markdown v1.
    
    Attaching package: 'dplyr'
    
    The following objects are masked from 'package:stats':
    
     filter, lag
    
    The following objects are masked from 'package:base':
    
     intersect, setdiff, setequal, union
    
    PhantomJS not found. You can install it with webshot::install_phantomjs(). If it is installed, please make sure the phantomjs executable can be found via the PATH variable.
    PhantomJS not found. You can install it with webshot::install_phantomjs(). If it is installed, please make sure the phantomjs executable can be found via the PATH variable.
    Quitting from lines 93-133 (pdxTrees-vignette.Rmd)
    Error: processing vignette 'pdxTrees-vignette.Rmd' failed with diagnostics:
    invalid 'path' argument
    --- failed re-building ‘pdxTrees-vignette.Rmd’
    
    SUMMARY: processing the following file failed:
     ‘pdxTrees-vignette.Rmd’
    
    Error: Vignette re-building failed.
    Execution halted
Flavor: r-release-macos-x86_64

Version: 0.4.0
Check: re-building of vignette outputs
Result: WARN
    Error(s) in re-building vignettes:
    --- re-building ‘pdxTrees-vignette.Rmd’ using rmarkdown
    Warning in engine$weave(file, quiet = quiet, encoding = enc) :
     Pandoc (>= 1.12.3) and/or pandoc-citeproc not available. Falling back to R Markdown v1.
    
    Attaching package: 'dplyr'
    
    The following objects are masked from 'package:stats':
    
     filter, lag
    
    The following objects are masked from 'package:base':
    
     intersect, setdiff, setequal, union
    
    PhantomJS not found. You can install it with webshot::install_phantomjs(). If it is installed, please make sure the phantomjs executable can be found via the PATH variable.
    Warning in normalizePath(f2) :
     path[1]="webshot15ff6fc93f26.png": No such file or directory
    Warning in file(con, "rb") :
     cannot open file 'webshot15ff6fc93f26.png': No such file or directory
    Quitting from lines 93-133 (pdxTrees-vignette.Rmd)
    Error: processing vignette 'pdxTrees-vignette.Rmd' failed with diagnostics:
    cannot open the connection
    --- failed re-building ‘pdxTrees-vignette.Rmd’
    
    SUMMARY: processing the following file failed:
     ‘pdxTrees-vignette.Rmd’
    
    Error: Vignette re-building failed.
    Execution halted
Flavor: r-oldrel-macos-x86_64