CRAN Package Check Results for Package pegas

Last updated on 2021-09-21 02:49:13 CEST.

Flavor Version Tinstall Tcheck Ttotal Status Flags
r-devel-linux-x86_64-debian-clang 1.0-1 26.61 242.30 268.91 OK
r-devel-linux-x86_64-debian-gcc 1.0-1 23.71 179.59 203.30 OK
r-devel-linux-x86_64-fedora-clang 1.0-1 328.10 OK
r-devel-linux-x86_64-fedora-gcc 1.0-1 316.39 OK
r-devel-windows-x86_64 1.0-1 34.00 207.00 241.00 OK
r-devel-windows-x86_64-gcc10-UCRT 1.0-1 ERROR
r-patched-linux-x86_64 1.0-1 33.84 237.98 271.82 OK
r-patched-solaris-x86 1.0-1 470.60 OK
r-release-linux-x86_64 1.0-1 25.72 235.20 260.92 OK
r-release-macos-arm64 1.0-1 NOTE
r-release-macos-x86_64 1.0-1 OK
r-release-windows-ix86+x86_64 1.0-1 62.00 282.00 344.00 OK
r-oldrel-macos-x86_64 1.0-1 OK
r-oldrel-windows-ix86+x86_64 1.0-1 64.00 283.00 347.00 OK

Check Details

Version: 1.0-1
Check: whether package can be installed
Result: ERROR
    Installation failed.
Flavor: r-devel-windows-x86_64-gcc10-UCRT

Version: 1.0-1
Check: package dependencies
Result: NOTE
    Package suggested but not available for checking: ‘snpStats’
Flavor: r-release-macos-arm64