Last updated on 2023-02-09 02:53:20 CET.
Flavor | Version | Tinstall | Tcheck | Ttotal | Status | Flags |
---|---|---|---|---|---|---|
r-devel-linux-x86_64-debian-clang | 1.1.3 | 5.52 | 45.68 | 51.20 | NOTE | |
r-devel-linux-x86_64-debian-gcc | 1.1.3 | 5.42 | 34.78 | 40.20 | NOTE | |
r-devel-linux-x86_64-fedora-clang | 1.1.3 | 65.04 | NOTE | |||
r-devel-linux-x86_64-fedora-gcc | 1.1.3 | 63.18 | NOTE | |||
r-devel-windows-x86_64 | 1.1.3 | 11.00 | 74.00 | 85.00 | NOTE | |
r-patched-linux-x86_64 | 1.1.3 | 6.74 | 44.90 | 51.64 | OK | |
r-release-linux-x86_64 | 1.1.3 | 4.91 | 43.49 | 48.40 | OK | |
r-release-macos-arm64 | 1.1.3 | 23.00 | OK | |||
r-release-macos-x86_64 | 1.1.3 | 30.00 | OK | |||
r-release-windows-x86_64 | 1.1.3 | 29.00 | 80.00 | 109.00 | OK | |
r-oldrel-macos-arm64 | 1.1.3 | 21.00 | OK | |||
r-oldrel-macos-x86_64 | 1.1.3 | 29.00 | OK | |||
r-oldrel-windows-ix86+x86_64 | 1.1.3 | 12.00 | 66.00 | 78.00 | OK |
Version: 1.1.3
Check: package subdirectories
Result: NOTE
Problems with news in ‘NEWS.md’:
No news entries found.
Flavors: r-devel-linux-x86_64-debian-clang, r-devel-linux-x86_64-debian-gcc, r-devel-linux-x86_64-fedora-clang, r-devel-linux-x86_64-fedora-gcc, r-devel-windows-x86_64
Version: 1.1.3
Check: Rd files
Result: NOTE
checkRd: (-1) simulate.data.Rd:27: Escaped LaTeX specials: \_ \_
checkRd: (-1) simulate.data.Rd:28: Escaped LaTeX specials: \_ \_
Flavors: r-devel-linux-x86_64-debian-clang, r-devel-linux-x86_64-debian-gcc, r-devel-linux-x86_64-fedora-clang, r-devel-linux-x86_64-fedora-gcc, r-devel-windows-x86_64