CRAN Package Check Results for Package phangorn

Last updated on 2022-05-24 02:52:46 CEST.

Flavor Version Tinstall Tcheck Ttotal Status Flags
r-devel-linux-x86_64-debian-clang 2.8.1 69.12 303.76 372.88 OK
r-devel-linux-x86_64-debian-gcc 2.8.1 59.04 229.28 288.32 OK
r-devel-linux-x86_64-fedora-clang 2.8.1 486.78 NOTE
r-devel-linux-x86_64-fedora-gcc 2.8.1 436.04 OK
r-devel-windows-x86_64 2.8.1 173.00 390.00 563.00 NOTE
r-patched-linux-x86_64 2.8.1 62.88 296.51 359.39 OK
r-release-linux-x86_64 2.8.1 OK
r-release-macos-arm64 2.8.1 128.00 NOTE
r-release-macos-x86_64 2.8.1 161.00 NOTE
r-release-windows-x86_64 2.8.1 201.00 358.00 559.00 NOTE
r-oldrel-macos-arm64 2.8.1 112.00 NOTE
r-oldrel-macos-x86_64 2.8.1 170.00 NOTE
r-oldrel-windows-ix86+x86_64 2.8.1 144.00 418.00 562.00 NOTE

Check Details

Version: 2.8.1
Check: installed package size
Result: NOTE
     installed size is 6.8Mb
     sub-directories of 1Mb or more:
     doc 1.6Mb
     libs 2.8Mb
Flavors: r-devel-linux-x86_64-fedora-clang, r-devel-windows-x86_64, r-release-macos-arm64, r-release-macos-x86_64, r-release-windows-x86_64, r-oldrel-macos-arm64, r-oldrel-macos-x86_64, r-oldrel-windows-ix86+x86_64

Version: 2.8.1
Check: package dependencies
Result: NOTE
    Packages suggested but not available for checking: 'Biostrings', 'seqLogo'
Flavor: r-release-macos-arm64