Last updated on 2022-08-18 04:56:33 CEST.
Flavor | Version | Tinstall | Tcheck | Ttotal | Status | Flags |
---|---|---|---|---|---|---|
r-devel-linux-x86_64-debian-clang | 1.0.12 | 4.03 | 37.90 | 41.93 | NOTE | |
r-devel-linux-x86_64-debian-gcc | 1.0.12 | 3.46 | 28.88 | 32.34 | NOTE | |
r-devel-linux-x86_64-fedora-clang | 1.0.12 | 61.26 | NOTE | |||
r-devel-linux-x86_64-fedora-gcc | 1.0.12 | 59.68 | NOTE | |||
r-devel-windows-x86_64 | 1.0.12 | 16.00 | 61.00 | 77.00 | OK | |
r-patched-linux-x86_64 | 1.0.12 | 6.43 | 35.70 | 42.13 | NOTE | |
r-release-linux-x86_64 | 1.0.12 | 4.12 | 36.57 | 40.69 | NOTE | |
r-release-macos-arm64 | 1.0.12 | 18.00 | OK | |||
r-release-macos-x86_64 | 1.0.12 | 28.00 | OK | |||
r-release-windows-x86_64 | 1.0.12 | 16.00 | 63.00 | 79.00 | OK | |
r-oldrel-macos-arm64 | 1.0.12 | 23.00 | OK | |||
r-oldrel-macos-x86_64 | 1.0.12 | 33.00 | OK | |||
r-oldrel-windows-ix86+x86_64 | 1.0.12 | 8.00 | 61.00 | 69.00 | OK |
Version: 1.0.12
Check: for non-standard things in the check directory
Result: NOTE
Found the following files/directories:
'test.pdf'
Flavors: r-devel-linux-x86_64-debian-clang, r-devel-linux-x86_64-debian-gcc, r-devel-linux-x86_64-fedora-clang, r-devel-linux-x86_64-fedora-gcc, r-patched-linux-x86_64, r-release-linux-x86_64