CRAN Package Check Results for Package photobiology

Last updated on 2021-10-26 02:56:39 CEST.

Flavor Version Tinstall Tcheck Ttotal Status Flags
r-devel-linux-x86_64-debian-clang 0.10.7 24.87 171.90 196.77 OK
r-devel-linux-x86_64-debian-gcc 0.10.7 18.31 126.64 144.95 OK
r-devel-linux-x86_64-fedora-clang 0.10.7 245.59 NOTE
r-devel-linux-x86_64-fedora-gcc 0.10.7 232.33 NOTE
r-devel-windows-x86_64 0.10.7 42.00 233.00 275.00 OK
r-devel-windows-x86_64-gcc10-UCRT 0.10.7 NOTE
r-patched-linux-x86_64 0.10.7 30.59 165.27 195.86 OK
r-patched-solaris-x86 0.10.7 241.30 NOTE
r-release-linux-x86_64 0.10.7 20.62 163.56 184.18 OK
r-release-macos-arm64 0.10.7 NOTE
r-release-macos-x86_64 0.10.7 NOTE
r-release-windows-ix86+x86_64 0.10.7 30.00 229.00 259.00 OK
r-oldrel-macos-x86_64 0.10.7 NOTE
r-oldrel-windows-ix86+x86_64 0.10.7 40.00 231.00 271.00 OK

Check Details

Version: 0.10.7
Check: dependencies in R code
Result: NOTE
    Namespace in Imports field not imported from: ‘rmarkdown’
     All declared Imports should be used.
Flavors: r-devel-linux-x86_64-fedora-clang, r-devel-linux-x86_64-fedora-gcc, r-devel-windows-x86_64-gcc10-UCRT, r-patched-solaris-x86, r-release-macos-arm64, r-release-macos-x86_64, r-oldrel-macos-x86_64