CRAN Package Check Results for Package phylolm

Last updated on 2021-09-22 02:49:36 CEST.

Flavor Version Tinstall Tcheck Ttotal Status Flags
r-devel-linux-x86_64-debian-clang 2.6.2 8.53 66.91 75.44 OK
r-devel-linux-x86_64-debian-gcc 2.6.2 7.24 49.95 57.19 OK
r-devel-linux-x86_64-fedora-clang 2.6.2 96.96 NOTE
r-devel-linux-x86_64-fedora-gcc 2.6.2 87.61 OK
r-devel-windows-x86_64 2.6.2 12.00 71.00 83.00 OK
r-devel-windows-x86_64-gcc10-UCRT 2.6.2 ERROR
r-patched-linux-x86_64 2.6.2 8.15 63.49 71.64 OK
r-patched-solaris-x86 2.6.2 127.70 OK
r-release-linux-x86_64 2.6.2 7.82 63.37 71.19 OK
r-release-macos-arm64 2.6.2 OK
r-release-macos-x86_64 2.6.2 OK
r-release-windows-ix86+x86_64 2.6.2 21.00 91.00 112.00 OK
r-oldrel-macos-x86_64 2.6.2 OK
r-oldrel-windows-ix86+x86_64 2.6.2 20.00 88.00 108.00 OK

Check Details

Version: 2.6.2
Check: Rd cross-references
Result: NOTE
    Undeclared packages ‘future’, ‘geiger’, ‘caper’ in Rd xrefs
Flavor: r-devel-linux-x86_64-fedora-clang

Version: 2.6.2
Check: whether package can be installed
Result: ERROR
    Installation failed.
Flavor: r-devel-windows-x86_64-gcc10-UCRT