CRAN Package Check Results for Package plotGMM

Last updated on 2022-10-03 03:55:09 CEST.

Flavor Version Tinstall Tcheck Ttotal Status Flags
r-devel-linux-x86_64-debian-clang 0.2.2 1.97 43.98 45.95 NOTE
r-devel-linux-x86_64-debian-gcc 0.2.2 1.53 32.35 33.88 NOTE
r-devel-linux-x86_64-fedora-clang 0.2.2 67.48 NOTE
r-devel-linux-x86_64-fedora-gcc 0.2.2 64.13 NOTE
r-devel-windows-x86_64 0.2.2 7.00 75.00 82.00 NOTE
r-patched-linux-x86_64 0.2.2 2.25 41.04 43.29 NOTE
r-release-linux-x86_64 0.2.2 1.82 41.55 43.37 NOTE
r-release-macos-arm64 0.2.2 22.00 NOTE
r-release-macos-x86_64 0.2.2 41.00 NOTE
r-release-windows-x86_64 0.2.2 11.00 73.00 84.00 NOTE
r-oldrel-macos-arm64 0.2.2 26.00 NOTE
r-oldrel-macos-x86_64 0.2.2 42.00 NOTE
r-oldrel-windows-ix86+x86_64 0.2.2 6.00 70.00 76.00 NOTE

Check Details

Version: 0.2.2
Check: LazyData
Result: NOTE
     'LazyData' is specified without a 'data' directory
Flavors: r-devel-linux-x86_64-debian-clang, r-devel-linux-x86_64-debian-gcc, r-devel-linux-x86_64-fedora-clang, r-devel-linux-x86_64-fedora-gcc, r-devel-windows-x86_64, r-patched-linux-x86_64, r-release-linux-x86_64, r-release-macos-arm64, r-release-macos-x86_64, r-release-windows-x86_64, r-oldrel-macos-arm64, r-oldrel-macos-x86_64, r-oldrel-windows-ix86+x86_64