CRAN Package Check Results for Package pmml

Last updated on 2021-09-21 02:49:14 CEST.

Flavor Version Tinstall Tcheck Ttotal Status Flags
r-devel-linux-x86_64-debian-clang 2.4.0 17.38 149.14 166.52 OK
r-devel-linux-x86_64-debian-gcc 2.4.0 11.04 106.20 117.24 OK
r-devel-linux-x86_64-fedora-clang 2.4.0 193.00 OK
r-devel-linux-x86_64-fedora-gcc 2.4.0 182.27 OK
r-devel-windows-x86_64 2.4.0 15.00 139.00 154.00 OK
r-devel-windows-x86_64-gcc10-UCRT 2.4.0 ERROR
r-patched-linux-x86_64 2.4.0 13.14 138.12 151.26 OK
r-patched-solaris-x86 2.4.0 240.00 OK
r-release-linux-x86_64 2.4.0 16.27 138.75 155.02 OK
r-release-macos-arm64 2.4.0 OK
r-release-macos-x86_64 2.4.0 OK
r-release-windows-ix86+x86_64 2.4.0 23.00 138.00 161.00 OK
r-oldrel-macos-x86_64 2.4.0 OK
r-oldrel-windows-ix86+x86_64 2.4.0 23.00 133.00 156.00 OK

Check Details

Version: 2.4.0
Check: package dependencies
Result: ERROR
    Package required but not available: 'XML'
    
    Package suggested but not available for checking: 'rattle'
    
    See section 'The DESCRIPTION file' in the 'Writing R Extensions'
    manual.
Flavor: r-devel-windows-x86_64-gcc10-UCRT