Last updated on 2023-03-27 02:52:22 CEST.
Flavor | Version | Tinstall | Tcheck | Ttotal | Status | Flags |
---|---|---|---|---|---|---|
r-devel-linux-x86_64-debian-clang | 2.5.2 | 17.84 | 170.48 | 188.32 | OK | |
r-devel-linux-x86_64-debian-gcc | 2.5.2 | 14.51 | 127.25 | 141.76 | OK | |
r-devel-linux-x86_64-fedora-clang | 2.5.2 | 246.84 | OK | |||
r-devel-linux-x86_64-fedora-gcc | 2.5.2 | 258.96 | OK | |||
r-patched-linux-x86_64 | 2.5.2 | 15.81 | 165.52 | 181.33 | OK | |
r-release-linux-x86_64 | 2.5.2 | 14.62 | 164.25 | 178.87 | OK | |
r-release-macos-arm64 | 2.5.2 | 57.00 | OK | |||
r-release-macos-x86_64 | 2.5.2 | 76.00 | OK | |||
r-release-windows-x86_64 | 2.5.2 | 72.00 | 196.00 | 268.00 | OK | |
r-oldrel-macos-arm64 | 2.5.2 | 69.00 | OK | |||
r-oldrel-macos-x86_64 | 2.5.2 | 75.00 | OK | |||
r-oldrel-windows-ix86+x86_64 | 2.5.2 | 26.00 | 210.00 | 236.00 | WARN |
Version: 2.5.2
Check: for unstated dependencies in ‘tests’
Result: WARN
Warning: unable to access index for repository https://bioconductor.org/packages/3.14/bioc/src/contrib:
cannot open URL 'https://bioconductor.org/packages/3.14/bioc/src/contrib/PACKAGES'
Warning: unable to access index for repository https://bioconductor.org/packages/3.14/data/annotation/src/contrib:
cannot open URL 'https://bioconductor.org/packages/3.14/data/annotation/src/contrib/PACKAGES'
Warning: unable to access index for repository https://bioconductor.org/packages/3.14/data/experiment/src/contrib:
cannot open URL 'https://bioconductor.org/packages/3.14/data/experiment/src/contrib/PACKAGES'
Flavor: r-oldrel-windows-ix86+x86_64