CRAN Package Check Results for Package pmultinom

Last updated on 2022-01-29 02:49:57 CET.

Flavor Version Tinstall Tcheck Ttotal Status Flags
r-devel-linux-x86_64-debian-clang 1.0.0 1.56 79.28 80.84 NOTE
r-devel-linux-x86_64-debian-gcc 1.0.0 1.69 60.52 62.21 NOTE
r-devel-linux-x86_64-fedora-clang 1.0.0 93.04 NOTE
r-devel-linux-x86_64-fedora-gcc 1.0.0 85.29 NOTE
r-devel-windows-x86_64-new-UL 1.0.0 32.00 109.00 141.00 NOTE
r-devel-windows-x86_64-new-TK 1.0.0 NOTE
r-patched-linux-x86_64 1.0.0 2.15 73.09 75.24 NOTE
r-release-linux-x86_64 1.0.0 1.68 71.44 73.12 NOTE
r-release-macos-arm64 1.0.0 NOTE
r-release-macos-x86_64 1.0.0 NOTE
r-release-windows-ix86+x86_64 1.0.0 5.00 94.00 99.00 NOTE
r-oldrel-macos-x86_64 1.0.0 OK
r-oldrel-windows-ix86+x86_64 1.0.0 6.00 97.00 103.00 OK

Check Details

Version: 1.0.0
Check: LazyData
Result: NOTE
     'LazyData' is specified without a 'data' directory
Flavors: r-devel-linux-x86_64-debian-clang, r-devel-linux-x86_64-debian-gcc, r-devel-linux-x86_64-fedora-clang, r-devel-linux-x86_64-fedora-gcc, r-devel-windows-x86_64-new-UL, r-devel-windows-x86_64-new-TK, r-patched-linux-x86_64, r-release-linux-x86_64, r-release-macos-arm64, r-release-macos-x86_64, r-release-windows-ix86+x86_64