CRAN Package Check Results for Package png

Last updated on 2022-05-20 02:53:04 CEST.

Flavor Version Tinstall Tcheck Ttotal Status Flags
r-devel-linux-x86_64-debian-clang 0.1-7 2.71 30.07 32.78 OK
r-devel-linux-x86_64-debian-gcc 0.1-7 2.43 22.93 25.36 OK
r-devel-linux-x86_64-fedora-clang 0.1-7 40.61 NOTE
r-devel-linux-x86_64-fedora-gcc 0.1-7 39.37 NOTE
r-devel-windows-x86_64 0.1-7 11.00 53.00 64.00 OK
r-patched-linux-x86_64 0.1-7 2.72 28.89 31.61 OK
r-release-linux-x86_64 0.1-7 2.79 28.96 31.75 OK
r-release-macos-arm64 0.1-7 14.00 OK
r-release-macos-x86_64 0.1-7 20.00 OK
r-release-windows-x86_64 0.1-7 9.00 46.00 55.00 OK
r-oldrel-macos-arm64 0.1-7 20.00 OK
r-oldrel-macos-x86_64 0.1-7 28.00 OK
r-oldrel-windows-ix86+x86_64 0.1-7 11.00 33.00 44.00 OK

Check Details

Version: 0.1-7
Check: compiled code
Result: NOTE
    File ‘png/libs/png.so’:
     Found no calls to: ‘R_registerRoutines’, ‘R_useDynamicSymbols’
    
    It is good practice to register native routines and to disable symbol
    search.
    
    See ‘Writing portable packages’ in the ‘Writing R Extensions’ manual.
Flavors: r-devel-linux-x86_64-fedora-clang, r-devel-linux-x86_64-fedora-gcc