CRAN Package Check Results for Package polyclip

Last updated on 2022-08-16 04:53:46 CEST.

Flavor Version Tinstall Tcheck Ttotal Status Flags
r-devel-linux-x86_64-debian-clang 1.10-0 13.25 26.52 39.77 NOTE
r-devel-linux-x86_64-debian-gcc 1.10-0 9.92 20.35 30.27 NOTE
r-devel-linux-x86_64-fedora-clang 1.10-0 62.76 NOTE
r-devel-linux-x86_64-fedora-gcc 1.10-0 58.50 NOTE
r-devel-windows-x86_64 1.10-0 138.00 64.00 202.00 NOTE
r-patched-linux-x86_64 1.10-0 11.82 25.30 37.12 NOTE
r-release-linux-x86_64 1.10-0 10.48 25.85 36.33 NOTE
r-release-macos-arm64 1.10-0 22.00 NOTE
r-release-macos-x86_64 1.10-0 31.00 NOTE
r-release-windows-x86_64 1.10-0 19.00 66.00 85.00 NOTE
r-oldrel-macos-arm64 1.10-0 28.00 NOTE
r-oldrel-macos-x86_64 1.10-0 40.00 NOTE
r-oldrel-windows-ix86+x86_64 1.10-0 29.00 44.00 73.00 NOTE

Check Details

Version: 1.10-0
Check: LazyData
Result: NOTE
     'LazyData' is specified without a 'data' directory
Flavors: r-devel-linux-x86_64-debian-clang, r-devel-linux-x86_64-debian-gcc, r-devel-linux-x86_64-fedora-clang, r-devel-linux-x86_64-fedora-gcc, r-devel-windows-x86_64, r-patched-linux-x86_64, r-release-linux-x86_64, r-release-macos-arm64, r-release-macos-x86_64, r-release-windows-x86_64, r-oldrel-macos-arm64, r-oldrel-macos-x86_64, r-oldrel-windows-ix86+x86_64