CRAN Package Check Results for Package polyclip

Last updated on 2022-01-29 02:49:57 CET.

Flavor Version Tinstall Tcheck Ttotal Status Flags
r-devel-linux-x86_64-debian-clang 1.10-0 14.06 32.86 46.92 NOTE
r-devel-linux-x86_64-debian-gcc 1.10-0 8.45 25.76 34.21 NOTE
r-devel-linux-x86_64-fedora-clang 1.10-0 63.14 NOTE
r-devel-linux-x86_64-fedora-gcc 1.10-0 47.77 NOTE
r-devel-windows-x86_64-new-UL 1.10-0 41.00 63.00 104.00 NOTE
r-devel-windows-x86_64-new-TK 1.10-0 NOTE
r-patched-linux-x86_64 1.10-0 11.25 31.92 43.17 NOTE
r-release-linux-x86_64 1.10-0 10.82 32.29 43.11 NOTE
r-release-macos-arm64 1.10-0 NOTE
r-release-macos-x86_64 1.10-0 NOTE
r-release-windows-ix86+x86_64 1.10-0 29.00 44.00 73.00 NOTE
r-oldrel-macos-x86_64 1.10-0 OK
r-oldrel-windows-ix86+x86_64 1.10-0 25.00 44.00 69.00 OK

Check Details

Version: 1.10-0
Check: LazyData
Result: NOTE
     'LazyData' is specified without a 'data' directory
Flavors: r-devel-linux-x86_64-debian-clang, r-devel-linux-x86_64-debian-gcc, r-devel-linux-x86_64-fedora-clang, r-devel-linux-x86_64-fedora-gcc, r-devel-windows-x86_64-new-UL, r-devel-windows-x86_64-new-TK, r-patched-linux-x86_64, r-release-linux-x86_64, r-release-macos-arm64, r-release-macos-x86_64, r-release-windows-ix86+x86_64