CRAN Package Check Results for Package posterdown

Last updated on 2021-07-24 02:48:41 CEST.

Flavor Version Tinstall Tcheck Ttotal Status Flags
r-devel-linux-x86_64-debian-clang 1.0 2.09 23.64 25.73 NOTE
r-devel-linux-x86_64-debian-gcc 1.0 1.64 18.02 19.66 NOTE
r-devel-linux-x86_64-fedora-clang 1.0 38.79 NOTE
r-devel-linux-x86_64-fedora-gcc 1.0 29.35 NOTE
r-devel-windows-x86_64 1.0 4.00 30.00 34.00 NOTE
r-devel-windows-x86_64-gcc10-UCRT 1.0 NOTE
r-patched-linux-x86_64 1.0 5.42 21.65 27.07 NOTE
r-patched-solaris-x86 1.0 45.80 NOTE
r-release-linux-x86_64 1.0 2.01 21.89 23.90 NOTE
r-release-macos-arm64 1.0 NOTE
r-release-macos-x86_64 1.0 NOTE
r-release-windows-ix86+x86_64 1.0 5.00 29.00 34.00 NOTE
r-oldrel-macos-x86_64 1.0 OK
r-oldrel-windows-ix86+x86_64 1.0 6.00 38.00 44.00 OK

Check Details

Version: 1.0
Check: LazyData
Result: NOTE
     'LazyData' is specified without a 'data' directory
Flavors: r-devel-linux-x86_64-debian-clang, r-devel-linux-x86_64-debian-gcc, r-devel-linux-x86_64-fedora-clang, r-devel-linux-x86_64-fedora-gcc, r-devel-windows-x86_64, r-devel-windows-x86_64-gcc10-UCRT, r-patched-linux-x86_64, r-patched-solaris-x86, r-release-linux-x86_64, r-release-macos-arm64, r-release-macos-x86_64, r-release-windows-ix86+x86_64