CRAN Package Check Results for Package powerEQTL

Last updated on 2021-09-22 02:49:37 CEST.

Flavor Version Tinstall Tcheck Ttotal Status Flags
r-devel-linux-x86_64-debian-clang 0.3.4 3.48 85.60 89.08 OK
r-devel-linux-x86_64-debian-gcc 0.3.4 2.56 65.65 68.21 OK
r-devel-linux-x86_64-fedora-clang 0.3.4 111.84 OK
r-devel-linux-x86_64-fedora-gcc 0.3.4 102.72 OK
r-devel-windows-x86_64 0.3.4 10.00 81.00 91.00 OK
r-devel-windows-x86_64-gcc10-UCRT 0.3.4 ERROR
r-patched-linux-x86_64 0.3.4 3.54 79.65 83.19 OK
r-patched-solaris-x86 0.3.4 147.50 OK
r-release-linux-x86_64 0.3.4 3.35 80.62 83.97 OK
r-release-macos-arm64 0.3.4 OK
r-release-macos-x86_64 0.3.4 OK
r-release-windows-ix86+x86_64 0.3.4 21.00 78.00 99.00 OK
r-oldrel-macos-x86_64 0.3.4 OK
r-oldrel-windows-ix86+x86_64 0.3.4 21.00 79.00 100.00 OK

Check Details

Version: 0.3.4
Check: whether package can be installed
Result: WARN
    Found the following significant warnings:
     WARNING: installation-time patches will not be applied, could not get the patches index
Flavor: r-devel-windows-x86_64-gcc10-UCRT

Version: 0.3.4
Check: PDF version of manual
Result: WARN
    LaTeX errors when creating PDF version.
    This typically indicates Rd problems.
Flavor: r-devel-windows-x86_64-gcc10-UCRT

Version: 0.3.4
Check: PDF version of manual without hyperrefs or index
Result: ERROR
    Re-running with no redirection of stdout/stderr.
Flavor: r-devel-windows-x86_64-gcc10-UCRT