CRAN Package Check Results for Package precommit

Last updated on 2021-07-30 02:51:49 CEST.

Flavor Version Tinstall Tcheck Ttotal Status Flags
r-devel-linux-x86_64-debian-clang 0.1.3 OK
r-devel-linux-x86_64-debian-gcc 0.1.3 2.68 75.77 78.45 OK
r-devel-linux-x86_64-fedora-clang 0.1.3 130.90 NOTE
r-devel-linux-x86_64-fedora-gcc 0.1.3 128.64 NOTE
r-devel-windows-x86_64 0.1.3 13.00 160.00 173.00 OK
r-devel-windows-x86_64-gcc10-UCRT 0.1.3 ERROR
r-patched-linux-x86_64 0.1.3 OK
r-patched-solaris-x86 0.1.3 172.30 NOTE
r-release-linux-x86_64 0.1.3 3.18 94.62 97.80 OK
r-release-macos-arm64 0.1.3 NOTE
r-release-macos-x86_64 0.1.3 NOTE
r-release-windows-ix86+x86_64 0.1.3 27.00 159.00 186.00 OK
r-oldrel-macos-x86_64 0.1.3 NOTE
r-oldrel-windows-ix86+x86_64 0.1.3 20.00 159.00 179.00 OK

Check Details

Version: 0.1.3
Check: dependencies in R code
Result: NOTE
    Namespaces in Imports field not imported from:
     ‘R.cache’ ‘docopt’ ‘here’
     All declared Imports should be used.
Flavors: r-devel-linux-x86_64-fedora-clang, r-devel-linux-x86_64-fedora-gcc, r-devel-windows-x86_64-gcc10-UCRT, r-patched-solaris-x86, r-release-macos-arm64, r-release-macos-x86_64, r-oldrel-macos-x86_64

Version: 0.1.3
Check: tests
Result: ERROR
     Running 'testthat.R'
    Running the tests in 'tests/testthat.R' failed.
    Last 13 lines of output:
     2/2 mismatches
     x[1]: "x <- function()\r\n"
     y[1]: "x <- function()\n"
    
     x[2]: " NULL\r\n"
     y[2]: " NULL\n"
     Backtrace:
     x
     1. +-withr::with_dir(...) test-hook-roxygenize.R:7:2
     2. | \-base::force(code)
     3. \-testthat::expect_equal(extract_diff_root("."), add_trailing_linebreak(text2)) test-hook-roxygenize.R:31:6
    
     [ FAIL 1 | WARN 0 | SKIP 3 | PASS 55 ]
     Error: Test failures
     Execution halted
Flavor: r-devel-windows-x86_64-gcc10-UCRT