CRAN Package Check Results for Package predictmeans

Last updated on 2021-09-22 02:49:37 CEST.

Flavor Version Tinstall Tcheck Ttotal Status Flags
r-devel-linux-x86_64-debian-clang 1.0.6 17.55 135.92 153.47 OK
r-devel-linux-x86_64-debian-gcc 1.0.6 14.00 99.40 113.40 OK
r-devel-linux-x86_64-fedora-clang 1.0.6 189.11 OK
r-devel-linux-x86_64-fedora-gcc 1.0.6 177.21 OK
r-devel-windows-x86_64 1.0.6 21.00 118.00 139.00 OK
r-devel-windows-x86_64-gcc10-UCRT 1.0.6 ERROR
r-patched-linux-x86_64 1.0.6 16.10 126.60 142.70 OK
r-patched-solaris-x86 1.0.6 245.40 OK
r-release-linux-x86_64 1.0.6 18.17 125.16 143.33 OK
r-release-macos-arm64 1.0.6 OK
r-release-macos-x86_64 1.0.6 OK
r-release-windows-ix86+x86_64 1.0.6 38.00 119.00 157.00 OK
r-oldrel-macos-x86_64 1.0.6 OK
r-oldrel-windows-ix86+x86_64 1.0.6 36.00 120.00 156.00 OK

Check Details

Version: 1.0.6
Check: whether package can be installed
Result: WARN
    Found the following significant warnings:
     WARNING: installation-time patches will not be applied, could not get the patches index
Flavor: r-devel-windows-x86_64-gcc10-UCRT

Version: 1.0.6
Check: PDF version of manual
Result: WARN
    LaTeX errors when creating PDF version.
    This typically indicates Rd problems.
Flavor: r-devel-windows-x86_64-gcc10-UCRT

Version: 1.0.6
Check: PDF version of manual without hyperrefs or index
Result: ERROR
    Re-running with no redirection of stdout/stderr.
Flavor: r-devel-windows-x86_64-gcc10-UCRT