CRAN Package Check Results for Package prettifyAddins

Last updated on 2021-10-20 02:50:14 CEST.

Flavor Version Tinstall Tcheck Ttotal Status Flags
r-devel-linux-x86_64-debian-clang 2.2.0 6.97 49.25 56.22 OK
r-devel-linux-x86_64-debian-gcc 2.2.0 4.84 38.65 43.49 OK
r-devel-linux-x86_64-fedora-clang 2.2.0 76.59 NOTE
r-devel-linux-x86_64-fedora-gcc 2.2.0 65.69 OK
r-devel-windows-x86_64 2.2.0 11.00 73.00 84.00 NOTE
r-devel-windows-x86_64-gcc10-UCRT 2.2.0 OK
r-patched-linux-x86_64 2.2.0 6.37 47.95 54.32 OK
r-patched-solaris-x86 2.2.0 101.60 NOTE
r-release-linux-x86_64 2.2.0 5.57 47.74 53.31 OK
r-release-macos-arm64 2.2.0 NOTE
r-release-macos-x86_64 2.2.0 NOTE
r-release-windows-ix86+x86_64 2.2.0 10.00 72.00 82.00 NOTE
r-oldrel-macos-x86_64 2.2.0 NOTE
r-oldrel-windows-ix86+x86_64 2.2.0 15.00 78.00 93.00 NOTE

Check Details

Version: 2.2.0
Check: installed package size
Result: NOTE
     installed size is 5.2Mb
     sub-directories of 1Mb or more:
     shinyApp 5.0Mb
Flavors: r-devel-linux-x86_64-fedora-clang, r-devel-windows-x86_64, r-patched-solaris-x86, r-release-macos-arm64, r-release-macos-x86_64, r-release-windows-ix86+x86_64, r-oldrel-macos-x86_64, r-oldrel-windows-ix86+x86_64