CRAN Package Check Results for Package prettydoc

Last updated on 2021-06-14 02:49:11 CEST.

Flavor Version Tinstall Tcheck Ttotal Status Flags
r-devel-linux-x86_64-debian-clang 0.4.1 2.45 37.08 39.53 NOTE
r-devel-linux-x86_64-debian-gcc 0.4.1 2.11 28.83 30.94 NOTE
r-devel-linux-x86_64-fedora-clang 0.4.1 56.76 NOTE
r-devel-linux-x86_64-fedora-gcc 0.4.1 47.55 NOTE
r-devel-windows-x86_64 0.4.1 5.00 55.00 60.00 NOTE
r-devel-windows-x86_64-gcc10-UCRT 0.4.1 NOTE
r-patched-linux-x86_64 0.4.1 2.76 35.47 38.23 NOTE
r-patched-solaris-x86 0.4.1 72.60 NOTE
r-release-linux-x86_64 0.4.1 2.54 35.57 38.11 NOTE
r-release-macos-arm64 0.4.1 NOTE
r-release-macos-x86_64 0.4.1 NOTE
r-release-windows-ix86+x86_64 0.4.1 5.00 52.00 57.00 NOTE
r-oldrel-macos-x86_64 0.4.1 OK
r-oldrel-windows-ix86+x86_64 0.4.1 4.00 55.00 59.00 OK

Check Details

Version: 0.4.1
Check: LazyData
Result: NOTE
     'LazyData' is specified without a 'data' directory
Flavors: r-devel-linux-x86_64-debian-clang, r-devel-linux-x86_64-debian-gcc, r-devel-linux-x86_64-fedora-clang, r-devel-linux-x86_64-fedora-gcc, r-devel-windows-x86_64, r-devel-windows-x86_64-gcc10-UCRT, r-patched-linux-x86_64, r-patched-solaris-x86, r-release-linux-x86_64, r-release-macos-arm64, r-release-macos-x86_64, r-release-windows-ix86+x86_64