CRAN Package Check Results for Package projmgr

Last updated on 2021-08-04 02:50:10 CEST.

Flavor Version Tinstall Tcheck Ttotal Status Flags
r-devel-linux-x86_64-debian-clang 0.1.0 4.24 35.40 39.64 NOTE
r-devel-linux-x86_64-debian-gcc 0.1.0 2.71 26.65 29.36 NOTE
r-devel-linux-x86_64-fedora-clang 0.1.0 54.25 NOTE
r-devel-linux-x86_64-fedora-gcc 0.1.0 54.27 NOTE
r-devel-windows-x86_64 0.1.0 6.00 69.00 75.00 NOTE
r-devel-windows-x86_64-gcc10-UCRT 0.1.0 NOTE
r-patched-linux-x86_64 0.1.0 4.39 33.08 37.47 NOTE
r-patched-solaris-x86 0.1.0 61.50 NOTE
r-release-linux-x86_64 0.1.0 3.69 33.48 37.17 NOTE
r-release-macos-arm64 0.1.0 NOTE
r-release-macos-x86_64 0.1.0 NOTE
r-release-windows-ix86+x86_64 0.1.0 7.00 72.00 79.00 NOTE
r-oldrel-macos-x86_64 0.1.0 OK
r-oldrel-windows-ix86+x86_64 0.1.0 5.00 73.00 78.00 OK

Check Details

Version: 0.1.0
Check: LazyData
Result: NOTE
     'LazyData' is specified without a 'data' directory
Flavors: r-devel-linux-x86_64-debian-clang, r-devel-linux-x86_64-debian-gcc, r-devel-linux-x86_64-fedora-clang, r-devel-linux-x86_64-fedora-gcc, r-devel-windows-x86_64, r-devel-windows-x86_64-gcc10-UCRT, r-patched-linux-x86_64, r-patched-solaris-x86, r-release-linux-x86_64, r-release-macos-arm64, r-release-macos-x86_64, r-release-windows-ix86+x86_64