CRAN Package Check Results for Package propr

Last updated on 2021-10-26 02:56:40 CEST.

Flavor Version Tinstall Tcheck Ttotal Status Flags
r-devel-linux-x86_64-debian-clang 4.2.6 69.65 143.17 212.82 NOTE
r-devel-linux-x86_64-debian-gcc 4.2.6 53.67 102.21 155.88 NOTE
r-devel-linux-x86_64-fedora-clang 4.2.6 301.46 NOTE
r-devel-linux-x86_64-fedora-gcc 4.2.6 278.55 NOTE
r-devel-windows-x86_64 4.2.6 98.00 201.00 299.00 OK
r-devel-windows-x86_64-gcc10-UCRT 4.2.6 NOTE
r-patched-linux-x86_64 4.2.6 60.74 142.04 202.78 NOTE
r-patched-solaris-x86 4.2.6 242.20 NOTE
r-release-linux-x86_64 4.2.6 60.21 141.50 201.71 NOTE
r-release-macos-arm64 4.2.6 NOTE
r-release-macos-x86_64 4.2.6 NOTE
r-release-windows-ix86+x86_64 4.2.6 128.00 207.00 335.00 NOTE
r-oldrel-macos-x86_64 4.2.6 NOTE
r-oldrel-windows-ix86+x86_64 4.2.6 180.00 236.00 416.00 NOTE

Check Details

Version: 4.2.6
Check: package dependencies
Result: NOTE
    Package suggested but not available for checking: 'SDMTools'
Flavors: r-devel-linux-x86_64-debian-clang, r-devel-linux-x86_64-debian-gcc, r-devel-linux-x86_64-fedora-clang, r-devel-linux-x86_64-fedora-gcc, r-devel-windows-x86_64-gcc10-UCRT, r-patched-linux-x86_64, r-patched-solaris-x86, r-release-linux-x86_64

Version: 4.2.6
Check: installed package size
Result: NOTE
     installed size is 6.2Mb
     sub-directories of 1Mb or more:
     data 1.5Mb
     doc 1.4Mb
     libs 2.7Mb
Flavors: r-devel-linux-x86_64-fedora-clang, r-release-macos-arm64, r-release-macos-x86_64, r-release-windows-ix86+x86_64, r-oldrel-macos-x86_64, r-oldrel-windows-ix86+x86_64

Version: 4.2.6
Check: dependencies in R code
Result: NOTE
    Namespace in Imports field not imported from: ‘utils’
     All declared Imports should be used.
Flavors: r-devel-linux-x86_64-fedora-clang, r-devel-linux-x86_64-fedora-gcc, r-devel-windows-x86_64-gcc10-UCRT, r-patched-solaris-x86, r-release-macos-arm64, r-release-macos-x86_64, r-oldrel-macos-x86_64

Version: 4.2.6
Check: package dependencies
Result: NOTE
    Packages suggested but not available for checking: 'ALDEx2', 'SDMTools'
Flavors: r-release-macos-arm64, r-release-macos-x86_64, r-oldrel-macos-x86_64