CRAN Package Check Results for Package protti

Last updated on 2021-10-27 02:52:45 CEST.

Flavor Version Tinstall Tcheck Ttotal Status Flags
r-devel-linux-x86_64-debian-clang 0.2.0 17.17 226.27 243.44 OK
r-devel-linux-x86_64-debian-gcc 0.2.0 15.26 161.46 176.72 OK
r-devel-linux-x86_64-fedora-clang 0.2.0 288.32 NOTE
r-devel-linux-x86_64-fedora-gcc 0.2.0 277.09 NOTE
r-devel-windows-x86_64 0.2.0 30.00 282.00 312.00 OK
r-devel-windows-x86_64-gcc10-UCRT 0.2.0 OK
r-patched-linux-x86_64 0.2.0 18.82 216.91 235.73 OK
r-patched-solaris-x86 0.2.0 334.90 NOTE
r-release-linux-x86_64 0.2.0 16.14 218.03 234.17 OK
r-release-macos-arm64 0.2.0 NOTE
r-release-macos-x86_64 0.2.0 NOTE
r-release-windows-ix86+x86_64 0.2.0 22.00 239.00 261.00 OK
r-oldrel-macos-x86_64 0.2.0 NOTE
r-oldrel-windows-ix86+x86_64 0.2.0 37.00 282.00 319.00 OK

Check Details

Version: 0.2.0
Check: package dependencies
Result: NOTE
    Package suggested but not available for checking: ‘proDA’
Flavors: r-devel-linux-x86_64-fedora-clang, r-devel-linux-x86_64-fedora-gcc, r-patched-solaris-x86, r-release-macos-arm64

Version: 0.2.0
Check: package dependencies
Result: NOTE
    Packages suggested but not available for checking: 'proDA', 'STRINGdb'
Flavors: r-release-macos-x86_64, r-oldrel-macos-x86_64