CRAN Package Check Results for Package psData

Last updated on 2023-03-31 03:52:38 CEST.

Flavor Version Tinstall Tcheck Ttotal Status Flags
r-devel-linux-x86_64-debian-clang 0.2.2 12.49 107.46 119.95 OK
r-devel-linux-x86_64-debian-gcc 0.2.2 10.42 78.16 88.58 OK
r-devel-linux-x86_64-fedora-clang 0.2.2 148.27 OK
r-devel-linux-x86_64-fedora-gcc 0.2.2 145.50 OK
r-devel-windows-x86_64 0.2.2 18.00 0.00 18.00 OK
r-patched-linux-x86_64 0.2.2 17.72 102.42 120.14 OK
r-release-linux-x86_64 0.2.2 9.02 98.56 107.58 OK
r-release-macos-arm64 0.2.2 43.00 OK
r-release-macos-x86_64 0.2.2 82.00 OK
r-release-windows-x86_64 0.2.2 14.00 120.00 134.00 OK
r-oldrel-macos-arm64 0.2.2 64.00 OK
r-oldrel-macos-x86_64 0.2.2 62.00 OK
r-oldrel-windows-ix86+x86_64 0.2.2 28.00 113.00 141.00 NOTE

Check Details

Version: 0.2.2
Check: R code for possible problems
Result: NOTE
    Initiating curl with CURL_SSL_BACKEND: openssl
Flavor: r-oldrel-windows-ix86+x86_64